Last updated on 2025-10-24 04:50:56 CEST.
| Flavor | Version | Tinstall | Tcheck | Ttotal | Status | Flags |
|---|---|---|---|---|---|---|
| r-devel-linux-x86_64-debian-clang | 0.4.1 | 21.29 | 28.71 | 50.00 | NOTE | |
| r-devel-linux-x86_64-debian-gcc | 0.4.1 | 12.47 | 22.82 | 35.29 | NOTE | |
| r-devel-linux-x86_64-fedora-clang | 0.4.1 | 44.00 | 46.54 | 90.54 | OK | |
| r-devel-linux-x86_64-fedora-gcc | 0.4.1 | 30.00 | 40.86 | 70.86 | OK | |
| r-devel-windows-x86_64 | 0.4.1 | 25.00 | 61.00 | 86.00 | OK | |
| r-patched-linux-x86_64 | 0.4.1 | 20.10 | 27.54 | 47.64 | OK | |
| r-release-linux-x86_64 | 0.4.1 | 21.09 | 27.70 | 48.79 | OK | |
| r-release-macos-arm64 | 0.4.1 | 9.00 | 18.00 | 27.00 | OK | |
| r-release-macos-x86_64 | 0.4.1 | 17.00 | 34.00 | 51.00 | OK | |
| r-release-windows-x86_64 | 0.4.1 | 26.00 | 65.00 | 91.00 | OK | |
| r-oldrel-macos-arm64 | 0.4.1 | 8.00 | 17.00 | 25.00 | OK | |
| r-oldrel-macos-x86_64 | 0.4.1 | 11.00 | 27.00 | 38.00 | OK | |
| r-oldrel-windows-x86_64 | 0.4.1 | 30.00 | 83.00 | 113.00 | OK |
Version: 0.4.1
Check: CRAN incoming feasibility
Result: NOTE
Maintainer: ‘Fei Zhou <fei.zhou@outlook.com>’
No Authors@R field in DESCRIPTION.
Please add one, modifying
Authors@R: c(person(given = "Fei",
family = "Zhou",
role = c("aut", "cre"),
email = "fei.zhou@outlook.com"),
person(given = "Jie",
family = "Ren",
role = "aut"),
person(given = "Yuwen",
family = "Liu",
role = "aut"),
person(given = "Xiaoxi",
family = "Li",
role = "aut"),
person(given = "Cen",
family = "Wu",
role = "aut"),
person(given = "Yu",
family = "Jiang",
role = "aut"))
as necessary.
Flavors: r-devel-linux-x86_64-debian-clang, r-devel-linux-x86_64-debian-gcc
Version: 0.4.1
Check: HTML version of manual
Result: NOTE
Found the following HTML validation problems:
reformat.html:55:1 (reformat.Rd:15): Warning: missing </ul> before </div>
Flavor: r-devel-linux-x86_64-debian-clang