Last updated on 2025-10-22 05:51:14 CEST.
Flavor | Version | Tinstall | Tcheck | Ttotal | Status | Flags |
---|---|---|---|---|---|---|
r-devel-linux-x86_64-debian-clang | 0.1.0 | 377.53 | 159.85 | 537.38 | OK | |
r-devel-linux-x86_64-debian-gcc | 0.1.0 | 322.20 | 135.76 | 457.96 | OK | |
r-devel-linux-x86_64-fedora-clang | 0.1.0 | 720.00 | 77.76 | 797.76 | OK | |
r-devel-linux-x86_64-fedora-gcc | 0.1.0 | 600.00 | 376.84 | 976.84 | OK | |
r-devel-windows-x86_64 | 0.1.0 | 363.00 | 193.00 | 556.00 | OK | |
r-patched-linux-x86_64 | 0.1.0 | 400.47 | 186.46 | 586.93 | OK | |
r-release-linux-x86_64 | 0.1.0 | 407.65 | 185.87 | 593.52 | OK | |
r-release-macos-arm64 | 0.1.0 | 130.00 | 35.00 | 165.00 | OK | |
r-release-macos-x86_64 | 0.1.0 | 218.00 | 65.00 | 283.00 | OK | |
r-release-windows-x86_64 | 0.1.0 | 360.00 | 200.00 | 560.00 | OK | |
r-oldrel-macos-arm64 | 0.1.0 | 134.00 | 49.00 | 183.00 | NOTE | |
r-oldrel-macos-x86_64 | 0.1.0 | 173.00 | 62.00 | 235.00 | NOTE | |
r-oldrel-windows-x86_64 | 0.1.0 | 427.00 | 254.00 | 681.00 | OK |
Version: 0.1.0
Check: installed package size
Result: NOTE
installed size is 116.9Mb
sub-directories of 1Mb or more:
libs 116.4Mb
Flavors: r-oldrel-macos-arm64, r-oldrel-macos-x86_64
Version: 0.1.0
Check: for GNU extensions in Makefiles
Result: NOTE
GNU make is a SystemRequirements.
Flavors: r-oldrel-macos-arm64, r-oldrel-macos-x86_64