CRAN Package Check Results for Package invGauss

Last updated on 2025-07-21 08:50:06 CEST.

Flavor Version Tinstall Tcheck Ttotal Status Flags
r-devel-linux-x86_64-debian-clang 1.2 7.02 56.29 63.31 NOTE
r-devel-linux-x86_64-debian-gcc 1.2 4.99 42.88 47.87 NOTE
r-devel-linux-x86_64-fedora-clang 1.2 95.74 OK
r-devel-linux-x86_64-fedora-gcc 1.2 91.04 OK
r-devel-windows-x86_64 1.2 7.00 65.00 72.00 OK
r-patched-linux-x86_64 1.2 6.32 53.35 59.67 OK
r-release-linux-x86_64 1.2 6.80 53.78 60.58 OK
r-release-macos-arm64 1.2 36.00 OK
r-release-macos-x86_64 1.2 77.00 OK
r-release-windows-x86_64 1.2 8.00 66.00 74.00 OK
r-oldrel-macos-arm64 1.2 31.00 OK
r-oldrel-macos-x86_64 1.2 45.00 OK
r-oldrel-windows-x86_64 1.2 10.00 83.00 93.00 OK

Check Details

Version: 1.2
Check: CRAN incoming feasibility
Result: NOTE Maintainer: ‘Hakon K. Gjessing <hakon.gjessing@uib.no>’ No Authors@R field in DESCRIPTION. Please add one, modifying Authors@R: person(given = c("Hakon", "K."), family = "Gjessing", role = c("aut", "cre"), email = "hakon.gjessing@uib.no") as necessary. Flavors: r-devel-linux-x86_64-debian-clang, r-devel-linux-x86_64-debian-gcc