CRAN Package Check Results for Package invGauss

Last updated on 2025-10-22 05:51:14 CEST.

Flavor Version Tinstall Tcheck Ttotal Status Flags
r-devel-linux-x86_64-debian-clang 1.2 6.81 57.32 64.13 NOTE
r-devel-linux-x86_64-debian-gcc 1.2 5.48 43.95 49.43 NOTE
r-devel-linux-x86_64-fedora-clang 1.2 30.00 71.65 101.65 OK
r-devel-linux-x86_64-fedora-gcc 1.2 16.00 72.72 88.72 OK
r-devel-windows-x86_64 1.2 8.00 64.00 72.00 OK
r-patched-linux-x86_64 1.2 6.17 54.42 60.59 OK
r-release-linux-x86_64 1.2 6.85 54.23 61.08 OK
r-release-macos-arm64 1.2 4.00 32.00 36.00 OK
r-release-macos-x86_64 1.2 7.00 70.00 77.00 OK
r-release-windows-x86_64 1.2 8.00 66.00 74.00 OK
r-oldrel-macos-arm64 1.2 3.00 28.00 31.00 OK
r-oldrel-macos-x86_64 1.2 5.00 40.00 45.00 OK
r-oldrel-windows-x86_64 1.2 10.00 80.00 90.00 OK

Check Details

Version: 1.2
Check: CRAN incoming feasibility
Result: NOTE Maintainer: ‘Hakon K. Gjessing <hakon.gjessing@uib.no>’ No Authors@R field in DESCRIPTION. Please add one, modifying Authors@R: person(given = c("Hakon", "K."), family = "Gjessing", role = c("aut", "cre"), email = "hakon.gjessing@uib.no") as necessary. Flavors: r-devel-linux-x86_64-debian-clang, r-devel-linux-x86_64-debian-gcc