Last updated on 2025-10-22 05:51:14 CEST.
Flavor | Version | Tinstall | Tcheck | Ttotal | Status | Flags |
---|---|---|---|---|---|---|
r-devel-linux-x86_64-debian-clang | 0.9.4 | 15.10 | 166.99 | 182.09 | NOTE | |
r-devel-linux-x86_64-debian-gcc | 0.9.4 | 10.19 | 112.85 | 123.04 | NOTE | |
r-devel-linux-x86_64-fedora-clang | 0.9.4 | 43.00 | 231.81 | 274.81 | OK | |
r-devel-linux-x86_64-fedora-gcc | 0.9.4 | 33.00 | 237.16 | 270.16 | OK | |
r-devel-windows-x86_64 | 0.9.4 | 23.00 | 175.00 | 198.00 | OK | |
r-patched-linux-x86_64 | 0.9.4 | 16.12 | 154.82 | 170.94 | OK | |
r-release-linux-x86_64 | 0.9.4 | 13.99 | 152.48 | 166.47 | OK | |
r-release-macos-arm64 | 0.9.4 | 7.00 | 73.00 | 80.00 | OK | |
r-release-macos-x86_64 | 0.9.4 | 9.00 | 286.00 | 295.00 | OK | |
r-release-windows-x86_64 | 0.9.4 | 24.00 | 177.00 | 201.00 | OK | |
r-oldrel-macos-arm64 | 0.9.4 | 7.00 | 82.00 | 89.00 | OK | |
r-oldrel-macos-x86_64 | 0.9.4 | 26.00 | 259.00 | 285.00 | OK | |
r-oldrel-windows-x86_64 | 0.9.4 | 34.00 | 228.00 | 262.00 | OK |
Version: 0.9.4
Check: HTML version of manual
Result: NOTE
Found the following HTML validation problems:
tempdir_data.html:54:1 (tempdir_data.Rd:14): Warning: missing </ul> before </div>
Flavors: r-devel-linux-x86_64-debian-clang, r-devel-linux-x86_64-debian-gcc