Last updated on 2025-10-22 05:51:14 CEST.
Flavor | Version | Tinstall | Tcheck | Ttotal | Status | Flags |
---|---|---|---|---|---|---|
r-devel-linux-x86_64-debian-clang | 2.0-0 | 35.66 | 366.11 | 401.77 | NOTE | |
r-devel-linux-x86_64-debian-gcc | 2.0-0 | 23.82 | 245.03 | 268.85 | NOTE | |
r-devel-linux-x86_64-fedora-clang | 2.0-0 | 102.00 | 533.31 | 635.31 | OK | |
r-devel-linux-x86_64-fedora-gcc | 2.0-0 | 86.00 | 506.24 | 592.24 | OK | |
r-devel-windows-x86_64 | 2.0-0 | 31.00 | 287.00 | 318.00 | OK | |
r-patched-linux-x86_64 | 2.0-0 | 30.99 | 349.42 | 380.41 | OK | |
r-release-linux-x86_64 | 2.0-0 | 27.80 | 355.94 | 383.74 | OK | |
r-release-macos-arm64 | 2.0-0 | 14.00 | 159.00 | 173.00 | OK | |
r-release-macos-x86_64 | 2.0-0 | 37.00 | 320.00 | 357.00 | OK | |
r-release-windows-x86_64 | 2.0-0 | 31.00 | 289.00 | 320.00 | OK | |
r-oldrel-macos-arm64 | 2.0-0 | 13.00 | 132.00 | 145.00 | OK | |
r-oldrel-macos-x86_64 | 2.0-0 | 22.00 | 212.00 | 234.00 | OK | |
r-oldrel-windows-x86_64 | 2.0-0 | 46.00 | 404.00 | 450.00 | OK |
Version: 2.0-0
Check: CRAN incoming feasibility
Result: NOTE
Maintainer: ‘Jemma Stachelek <jemma.stachelek@gmail.com>’
Package CITATION file contains call(s) to old-style personList() or
as.personList(). Please use c() on person objects instead.
Package CITATION file contains call(s) to old-style citEntry(). Please
use bibentry() instead.
Flavors: r-devel-linux-x86_64-debian-clang, r-devel-linux-x86_64-debian-gcc
Version: 2.0-0
Check: HTML version of manual
Result: NOTE
Found the following HTML validation problems:
rm_na_pointslayers.html:54:1 (rm_na_pointslayers.Rd:14): Warning: missing </ul> before </div>
Flavors: r-devel-linux-x86_64-debian-clang, r-devel-linux-x86_64-debian-gcc