Last updated on 2025-10-23 08:49:58 CEST.
Flavor | Version | Tinstall | Tcheck | Ttotal | Status | Flags |
---|---|---|---|---|---|---|
r-devel-linux-x86_64-debian-clang | 1.0.1 | 3.90 | 98.94 | 102.84 | NOTE | |
r-devel-linux-x86_64-debian-gcc | 1.0.1 | 2.19 | 72.01 | 74.20 | OK | |
r-devel-linux-x86_64-fedora-clang | 1.0.1 | 22.00 | 148.91 | 170.91 | OK | |
r-devel-linux-x86_64-fedora-gcc | 1.0.1 | 30.00 | 147.90 | 177.90 | OK | |
r-devel-windows-x86_64 | 1.0.1 | 9.00 | 106.00 | 115.00 | OK | |
r-patched-linux-x86_64 | 1.0.1 | 3.54 | 94.29 | 97.83 | OK | |
r-release-linux-x86_64 | 1.0.1 | 3.71 | 93.95 | 97.66 | OK | |
r-release-macos-arm64 | 1.0.1 | 2.00 | 29.00 | 31.00 | OK | |
r-release-macos-x86_64 | 1.0.1 | 3.00 | 53.00 | 56.00 | OK | |
r-release-windows-x86_64 | 1.0.1 | 9.00 | 108.00 | 117.00 | OK | |
r-oldrel-macos-arm64 | 1.0.1 | 1.00 | 53.00 | 54.00 | OK | |
r-oldrel-macos-x86_64 | 1.0.1 | 3.00 | 79.00 | 82.00 | OK | |
r-oldrel-windows-x86_64 | 1.0.1 | 12.00 | 136.00 | 148.00 | OK |
Version: 1.0.1
Check: HTML version of manual
Result: NOTE
Found the following HTML validation problems:
getAssayFileNames.html:72:1 (getAssayFileNames.Rd:27): Warning: missing </ul> before </div>
Flavor: r-devel-linux-x86_64-debian-clang