Last updated on 2025-07-21 08:50:06 CEST.
Flavor | Version | Tinstall | Tcheck | Ttotal | Status | Flags |
---|---|---|---|---|---|---|
r-devel-linux-x86_64-debian-clang | 0.1.2 | 35.74 | 28.29 | 64.03 | NOTE | |
r-devel-linux-x86_64-debian-gcc | 0.1.2 | 25.63 | 23.02 | 48.65 | NOTE | |
r-devel-linux-x86_64-fedora-clang | 0.1.2 | 127.95 | NOTE | |||
r-devel-linux-x86_64-fedora-gcc | 0.1.2 | 100.52 | NOTE | |||
r-devel-windows-x86_64 | 0.1.2 | 43.00 | 64.00 | 107.00 | NOTE | |
r-patched-linux-x86_64 | 0.1.2 | 34.98 | 25.33 | 60.31 | NOTE | |
r-release-linux-x86_64 | 0.1.2 | 33.25 | 25.54 | 58.79 | NOTE | |
r-release-macos-arm64 | 0.1.2 | 32.00 | NOTE | |||
r-release-macos-x86_64 | 0.1.2 | 64.00 | NOTE | |||
r-release-windows-x86_64 | 0.1.2 | 44.00 | 72.00 | 116.00 | NOTE | |
r-oldrel-macos-arm64 | 0.1.2 | 39.00 | OK | |||
r-oldrel-macos-x86_64 | 0.1.2 | 58.00 | OK | |||
r-oldrel-windows-x86_64 | 0.1.2 | 42.00 | 75.00 | 117.00 | OK |
Version: 0.1.2
Check: DESCRIPTION meta-information
Result: NOTE
Missing dependency on R >= 4.1.0 because package code uses the pipe
|> or function shorthand \(...) syntax added in R 4.1.0.
File(s) using such syntax:
‘iso8601todataframe.R’
Flavors: r-devel-linux-x86_64-debian-clang, r-devel-linux-x86_64-debian-gcc, r-devel-linux-x86_64-fedora-clang, r-devel-linux-x86_64-fedora-gcc, r-devel-windows-x86_64, r-patched-linux-x86_64, r-release-linux-x86_64, r-release-macos-arm64, r-release-macos-x86_64, r-release-windows-x86_64