Last updated on 2025-10-22 05:51:14 CEST.
Flavor | Version | Tinstall | Tcheck | Ttotal | Status | Flags |
---|---|---|---|---|---|---|
r-devel-linux-x86_64-debian-clang | 1.1.12 | 16.11 | 113.23 | 129.34 | NOTE | |
r-devel-linux-x86_64-debian-gcc | 1.1.12 | 11.60 | 74.46 | 86.06 | NOTE | |
r-devel-linux-x86_64-fedora-clang | 1.1.12 | 45.00 | 142.30 | 187.30 | OK | |
r-devel-linux-x86_64-fedora-gcc | 1.1.12 | 36.00 | 146.67 | 182.67 | OK | |
r-devel-windows-x86_64 | 1.1.12 | 18.00 | 120.00 | 138.00 | OK | |
r-patched-linux-x86_64 | 1.1.12 | 14.45 | 101.39 | 115.84 | OK | |
r-release-linux-x86_64 | 1.1.12 | 14.71 | 102.18 | 116.89 | OK | |
r-release-macos-arm64 | 1.1.12 | 7.00 | 71.00 | 78.00 | OK | |
r-release-macos-x86_64 | 1.1.12 | 23.00 | 164.00 | 187.00 | OK | |
r-release-windows-x86_64 | 1.1.12 | 20.00 | 119.00 | 139.00 | OK | |
r-oldrel-macos-arm64 | 1.1.12 | 6.00 | 63.00 | 69.00 | OK | |
r-oldrel-macos-x86_64 | 1.1.12 | 14.00 | 112.00 | 126.00 | OK | |
r-oldrel-windows-x86_64 | 1.1.12 | 24.00 | 152.00 | 176.00 | OK |
Version: 1.1.12
Check: HTML version of manual
Result: NOTE
Found the following HTML validation problems:
df_tree.html:58:1 (df_tree.Rd:16): Warning: missing </ul> before </div>
inbuilt_themes.html:98:1 (inbuilt_themes.Rd:37): Warning: missing </ul> before </div>
template_groups.html:87:1 (template_groups.Rd:47): Warning: missing </ul> before </div>
template_parameters_count.html:63:1 (template_parameters_count.Rd:19): Warning: missing </ul> before </div>
vector_tree.html:50:1 (vector_tree.Rd:12): Warning: missing </ul> before </div>
Flavors: r-devel-linux-x86_64-debian-clang, r-devel-linux-x86_64-debian-gcc