Last updated on 2025-10-22 05:51:14 CEST.
Flavor | Version | Tinstall | Tcheck | Ttotal | Status | Flags |
---|---|---|---|---|---|---|
r-devel-linux-x86_64-debian-clang | 1.6.0 | 8.78 | 79.84 | 88.62 | NOTE | |
r-devel-linux-x86_64-debian-gcc | 1.6.0 | 5.14 | 54.89 | 60.03 | NOTE | |
r-devel-linux-x86_64-fedora-clang | 1.6.0 | 27.00 | 103.53 | 130.53 | OK | |
r-devel-linux-x86_64-fedora-gcc | 1.6.0 | 19.00 | 98.78 | 117.78 | OK | |
r-devel-windows-x86_64 | 1.6.0 | 11.00 | 86.00 | 97.00 | OK | |
r-patched-linux-x86_64 | 1.6.0 | 8.91 | 72.72 | 81.63 | OK | |
r-release-linux-x86_64 | 1.6.0 | 8.40 | 74.39 | 82.79 | OK | |
r-release-macos-arm64 | 1.6.0 | 3.00 | 28.00 | 31.00 | OK | |
r-release-macos-x86_64 | 1.6.0 | 6.00 | 52.00 | 58.00 | OK | |
r-release-windows-x86_64 | 1.6.0 | 10.00 | 86.00 | 96.00 | OK | |
r-oldrel-macos-arm64 | 1.6.0 | 3.00 | 30.00 | 33.00 | NOTE | |
r-oldrel-macos-x86_64 | 1.6.0 | 4.00 | 42.00 | 46.00 | NOTE | |
r-oldrel-windows-x86_64 | 1.6.0 | 13.00 | 107.00 | 120.00 | NOTE |
Version: 1.6.0
Check: CRAN incoming feasibility
Result: NOTE
Maintainer: ‘Patrick English <p.english@exeter.ac.uk>’
No Authors@R field in DESCRIPTION.
Please add one, modifying
Authors@R: person(given = "Patrick",
family = "English",
role = c("aut", "cre"),
email = "p.english@exeter.ac.uk")
as necessary.
Flavors: r-devel-linux-x86_64-debian-clang, r-devel-linux-x86_64-debian-gcc
Version: 1.6.0
Check: LazyData
Result: NOTE
'LazyData' is specified without a 'data' directory
Flavors: r-oldrel-macos-arm64, r-oldrel-macos-x86_64, r-oldrel-windows-x86_64