CRAN Package Check Results for Package jmcm

Last updated on 2025-10-22 05:51:14 CEST.

Flavor Version Tinstall Tcheck Ttotal Status Flags
r-devel-linux-x86_64-debian-clang 0.2.5 37.86 49.40 87.26 NOTE
r-devel-linux-x86_64-debian-gcc 0.2.5 25.46 38.69 64.15 NOTE
r-devel-linux-x86_64-fedora-clang 0.2.5 180.00 -30.99 149.01 OK
r-devel-linux-x86_64-fedora-gcc 0.2.5 91.00 53.80 144.80 OK
r-devel-windows-x86_64 0.2.5 43.00 87.00 130.00 OK
r-patched-linux-x86_64 0.2.5 37.87 47.01 84.88 OK
r-release-linux-x86_64 0.2.5 38.16 48.34 86.50 OK
r-release-macos-arm64 0.2.5 16.00 32.00 48.00 OK
r-release-macos-x86_64 0.2.5 40.00 70.00 110.00 OK
r-release-windows-x86_64 0.2.5 44.00 85.00 129.00 OK
r-oldrel-macos-arm64 0.2.5 15.00 36.00 51.00 NOTE
r-oldrel-macos-x86_64 0.2.5 39.00 60.00 99.00 NOTE
r-oldrel-windows-x86_64 0.2.5 52.00 102.00 154.00 OK

Check Details

Version: 0.2.5
Check: top-level files
Result: NOTE Found the following validation problem for the NEWS.Rd HTML conversion: NEWS.html:167:1 (inst/NEWS.Rd:78): Warning: missing </ul> before </div> NEWS.html:47:1 (inst/NEWS.Rd:17): Warning: <h4> anchor "USER-VISIBLE-CHANGES" already defined NEWS.html:85:1 (inst/NEWS.Rd:35): Warning: <h4> anchor "USER-VISIBLE-CHANGES" already defined NEWS.html:100:1 (inst/NEWS.Rd:43): Warning: <h4> anchor "BUG-FIXES" already defined NEWS.html:117:1 (inst/NEWS.Rd:53): Warning: <h4> anchor "USER-VISIBLE-CHANGES" already defined NEWS.html:132:1 (inst/NEWS.Rd:61): Warning: <h4> anchor "USER-VISIBLE-CHANGES" already defined Flavors: r-devel-linux-x86_64-debian-clang, r-devel-linux-x86_64-debian-gcc

Version: 0.2.5
Check: HTML version of manual
Result: NOTE Found the following HTML validation problems: jmcmControl.html:69:1 (jmcmControl.Rd:24): Warning: missing </ul> before </div> modular.html:123:1 (modular.Rd:60): Warning: missing </ul> before </div> show-jmcmMod-method.html:48:1 (show-jmcmMod-method.Rd:12): Warning: missing </ul> before </div> Flavors: r-devel-linux-x86_64-debian-clang, r-devel-linux-x86_64-debian-gcc

Version: 0.2.5
Check: installed package size
Result: NOTE installed size is 6.1Mb sub-directories of 1Mb or more: libs 4.9Mb Flavors: r-oldrel-macos-arm64, r-oldrel-macos-x86_64