Last updated on 2025-10-22 05:51:14 CEST.
Flavor | Version | Tinstall | Tcheck | Ttotal | Status | Flags |
---|---|---|---|---|---|---|
r-devel-linux-x86_64-debian-clang | 1.7.0 | 5.26 | 53.19 | 58.45 | NOTE | |
r-devel-linux-x86_64-debian-gcc | 1.7.0 | 4.54 | 40.52 | 45.06 | NOTE | |
r-devel-linux-x86_64-fedora-clang | 1.7.0 | 13.00 | 78.68 | 91.68 | OK | |
r-devel-linux-x86_64-fedora-gcc | 1.7.0 | 12.00 | 81.76 | 93.76 | OK | |
r-devel-windows-x86_64 | 1.7.0 | 7.00 | 74.00 | 81.00 | OK | |
r-patched-linux-x86_64 | 1.7.0 | 6.76 | 49.45 | 56.21 | OK | |
r-release-linux-x86_64 | 1.7.0 | 6.09 | 49.78 | 55.87 | OK | |
r-release-macos-arm64 | 1.7.0 | 2.00 | 62.00 | 64.00 | OK | |
r-release-macos-x86_64 | 1.7.0 | 6.00 | 106.00 | 112.00 | OK | |
r-release-windows-x86_64 | 1.7.0 | 7.00 | 74.00 | 81.00 | OK | |
r-oldrel-macos-arm64 | 1.7.0 | 2.00 | 38.00 | 40.00 | OK | |
r-oldrel-macos-x86_64 | 1.7.0 | 8.00 | 103.00 | 111.00 | OK | |
r-oldrel-windows-x86_64 | 1.7.0 | 10.00 | 84.00 | 94.00 | OK |
Version: 1.7.0
Check: HTML version of manual
Result: NOTE
Found the following HTML validation problems:
job_class.html:427:1 (job_class.Rd:265): Warning: missing </ul> before </div>
job_class.html:207:1 (job_class.Rd:147): Warning: <h5> anchor "Usage" already defined
job_class.html:213:1 (job_class.Rd:151): Warning: <h5> anchor "Arguments" already defined
job_class.html:226:1 (job_class.Rd:158): Warning: <h5> anchor "Returns" already defined
job_class.html:244:1 (job_class.Rd:168): Warning: <h5> anchor "Usage" already defined
job_class.html:250:1 (job_class.Rd:172): Warning: <h5> anchor "Arguments" already defined
job_class.html:302:1 (job_class.Rd:199): Warning: <h5> anchor "Returns" already defined
job_class.html:320:1 (job_class.Rd:209): Warning: <h5> anchor "Usage" already defined
job_class.html:326:1 (job_class.Rd:213): Warning: <h5> anchor "Arguments" already defined
job_class.html:374:1 (job_class.Rd:236): Warning: <h5> anchor "Returns" already defined
job_class.html:392:1 (job_class.Rd:246): Warning: <h5> anchor "Usage" already defined
job_class.html:398:1 (job_class.Rd:250): Warning: <h5> anchor "Arguments" already defined
job_class.html:416:1 (job_class.Rd:262): Warning: <h5> anchor "Returns" already defined
jobqueue_class.html:515:1 (jobqueue_class.Rd:333): Warning: missing </ul> before </div>
jobqueue_class.html:178:1 (jobqueue_class.Rd:114): Warning: <h5> anchor "Usage" already defined
jobqueue_class.html:184:1 (jobqueue_class.Rd:118): Warning: <h5> anchor "Arguments" already defined
jobqueue_class.html:209:1 (jobqueue_class.Rd:133): Warning: <h5> anchor "Usage" already defined
jobqueue_class.html:226:1 (jobqueue_class.Rd:148): Warning: <h5> anchor "Arguments" already defined
jobqueue_class.html:302:1 (jobqueue_class.Rd:218): Warning: <h5> anchor "Returns" already defined
jobqueue_class.html:320:1 (jobqueue_class.Rd:228): Warning: <h5> anchor "Usage" already defined
jobqueue_class.html:326:1 (jobqueue_class.Rd:232): Warning: <h5> anchor "Arguments" already defined
jobqueue_class.html:339:1 (jobqueue_class.Rd:239): Warning: <h5> anchor "Returns" already defined
jobqueue_class.html:356:1 (jobqueue_class.Rd:248): Warning: <h5> anchor "Usage" already defined
jobqueue_class.html:362:1 (jobqueue_class.Rd:252): Warning: <h5> anchor "Arguments" already defined
jobqueue_class.html:402:1 (jobqueue_class.Rd:273): Warning: <h5> anchor "Returns" already defined
jobqueue_class.html:420:1 (jobqueue_class.Rd:283): Warning: <h5> anchor "Usage" already defined
jobqueue_class.html:426:1 (jobqueue_class.Rd:287): Warning: <h5> anchor "Arguments" already defined
jobqueue_class.html:463:1 (jobqueue_class.Rd:305): Warning: <h5> anchor "Returns" already defined
jobqueue_class.html:481:1 (jobqueue_class.Rd:315): Warning: <h5> anchor "Usage" already defined
jobqueue_class.html:487:1 (jobqueue_class.Rd:319): Warning: <h5> anchor "Arguments" already defined
jobqueue_class.html:504:1 (jobqueue_class.Rd:330): Warning: <h5> anchor "Returns" already defined
worker_class.html:500:1 (worker_class.Rd:296): Warning: missing </ul> before </div>
worker_class.html:170:1 (worker_class.Rd:104): Warning: <h5> anchor "Usage" already defined
worker_class.html:176:1 (worker_class.Rd:108): Warning: <h5> anchor "Arguments" already defined
worker_class.html:189:1 (worker_class.Rd:115): Warning: <h5> anchor "Returns" already defined
worker_class.html:206:1 (worker_class.Rd:124): Warning: <h5> anchor "Usage" already defined
worker_class.html:212:1 (worker_class.Rd:128): Warning: <h5> anchor "Arguments" already defined
worker_class.html:231:1 (worker_class.Rd:141): Warning: <h5> anchor "Returns" already defined
worker_class.html:250:1 (worker_class.Rd:152): Warning: <h5> anchor "Usage" already defined
worker_class.html:256:1 (worker_class.Rd:156): Warning: <h5> anchor "Arguments" already defined
worker_class.html:273:1 (worker_class.Rd:167): Warning: <h5> anchor "Returns" already defined
worker_class.html:291:1 (worker_class.Rd:177): Warning: <h5> anchor "Usage" already defined
worker_class.html:302:1 (worker_class.Rd:186): Warning: <h5> anchor "Arguments" already defined
worker_class.html:327:1 (worker_class.Rd:205): Warning: <h5> anchor "Returns" already defined
worker_class.html:345:1 (worker_class.Rd:215): Warning: <h5> anchor "Usage" already defined
worker_class.html:351:1 (worker_class.Rd:219): Warning: <h5> anchor "Arguments" already defined
worker_class.html:388:1 (worker_class.Rd:237): Warning: <h5> anchor "Returns" already defined
worker_class.html:406:1 (worker_class.Rd:247): Warning: <h5> anchor "Usage" already defined
worker_class.html:412:1 (worker_class.Rd:251): Warning: <h5> anchor "Arguments" already defined
worker_class.html:452:1 (worker_class.Rd:272): Warning: <h5> anchor "Returns" already defined
worker_class.html:470:1 (worker_class.Rd:282): Warning: <h5> anchor "Usage" already defined
worker_class.html:476:1 (worker_class.Rd:286): Warning: <h5> anchor "Arguments" already defined
worker_class.html:489:1 (worker_class.Rd:293): Warning: <h5> anchor "Returns" already defined
Flavors: r-devel-linux-x86_64-debian-clang, r-devel-linux-x86_64-debian-gcc