Last updated on 2025-07-21 08:50:06 CEST.
Flavor | Version | Tinstall | Tcheck | Ttotal | Status | Flags |
---|---|---|---|---|---|---|
r-devel-linux-x86_64-debian-clang | 0.4.7 | 76.57 | 205.18 | 281.75 | OK | --no-tests |
r-devel-linux-x86_64-debian-gcc | 0.4.7 | 57.29 | 148.10 | 205.39 | OK | --no-tests |
r-devel-linux-x86_64-fedora-clang | 0.4.7 | 608.95 | OK | |||
r-devel-linux-x86_64-fedora-gcc | 0.4.7 | 729.69 | OK | |||
r-devel-windows-x86_64 | 0.4.7 | 88.00 | 552.00 | 640.00 | OK | |
r-patched-linux-x86_64 | 0.4.7 | 77.84 | 239.91 | 317.75 | OK | --no-tests |
r-release-linux-x86_64 | 0.4.7 | 75.64 | 233.08 | 308.72 | OK | --no-tests |
r-release-macos-arm64 | 0.4.7 | 296.00 | OK | |||
r-release-macos-x86_64 | 0.4.7 | 383.00 | OK | |||
r-release-windows-x86_64 | 0.4.7 | 89.00 | 379.00 | 468.00 | OK | |
r-oldrel-macos-arm64 | 0.4.7 | 201.00 | NOTE | |||
r-oldrel-macos-x86_64 | 0.4.7 | 431.00 | NOTE | |||
r-oldrel-windows-x86_64 | 0.4.7 | 105.00 | 601.00 | 706.00 | OK |
Version: 0.4.7
Check: installed package size
Result: NOTE
installed size is 6.3Mb
sub-directories of 1Mb or more:
data 1.3Mb
libs 3.9Mb
Flavors: r-oldrel-macos-arm64, r-oldrel-macos-x86_64