CRAN Package Check Results for Package jointCalib

Last updated on 2025-10-22 05:51:14 CEST.

Flavor Version Tinstall Tcheck Ttotal Status Flags
r-devel-linux-x86_64-debian-clang 0.1.0 1.51 25.69 27.20 NOTE
r-devel-linux-x86_64-debian-gcc 0.1.0 1.53 20.54 22.07 NOTE
r-devel-linux-x86_64-fedora-clang 0.1.0 38.56 OK
r-devel-linux-x86_64-fedora-gcc 0.1.0 34.81 OK
r-devel-windows-x86_64 0.1.0 3.00 43.00 46.00 OK
r-patched-linux-x86_64 0.1.0 2.08 23.10 25.18 OK
r-release-linux-x86_64 0.1.0 1.94 23.00 24.94 OK
r-release-macos-arm64 0.1.0 2.00 17.00 19.00 OK
r-release-macos-x86_64 0.1.0 2.00 28.00 30.00 OK
r-release-windows-x86_64 0.1.0 4.00 43.00 47.00 OK
r-oldrel-macos-arm64 0.1.0 1.00 16.00 17.00 OK
r-oldrel-macos-x86_64 0.1.0 2.00 21.00 23.00 OK
r-oldrel-windows-x86_64 0.1.0 5.00 49.00 54.00 OK

Check Details

Version: 0.1.0
Check: CRAN incoming feasibility
Result: NOTE Maintainer: ‘Maciej Beręsewicz <maciej.beresewicz@ue.poznan.pl>’ The Description field contains details <arXiv:2308.13281>. Please refer to arXiv e-prints via their arXiv DOI <doi:10.48550/arXiv.YYMM.NNNNN>. Flavors: r-devel-linux-x86_64-debian-clang, r-devel-linux-x86_64-debian-gcc