Last updated on 2025-10-22 05:51:14 CEST.
Flavor | Version | Tinstall | Tcheck | Ttotal | Status | Flags |
---|---|---|---|---|---|---|
r-devel-linux-x86_64-debian-clang | 1.1.3 | 17.07 | 239.77 | 256.84 | NOTE | |
r-devel-linux-x86_64-debian-gcc | 1.1.3 | 11.59 | 169.10 | 180.69 | NOTE | |
r-devel-linux-x86_64-fedora-clang | 1.1.3 | 49.00 | 365.52 | 414.52 | OK | |
r-devel-linux-x86_64-fedora-gcc | 1.1.3 | 30.00 | 351.55 | 381.55 | OK | |
r-devel-windows-x86_64 | 1.1.3 | 16.00 | 214.00 | 230.00 | OK | |
r-patched-linux-x86_64 | 1.1.3 | 15.60 | 229.81 | 245.41 | OK | |
r-release-linux-x86_64 | 1.1.3 | 16.73 | 229.34 | 246.07 | OK | |
r-release-macos-arm64 | 1.1.3 | 6.00 | 88.00 | 94.00 | OK | |
r-release-macos-x86_64 | 1.1.3 | 11.00 | 153.00 | 164.00 | OK | |
r-release-windows-x86_64 | 1.1.3 | 17.00 | 217.00 | 234.00 | OK | |
r-oldrel-macos-arm64 | 1.1.3 | 6.00 | 85.00 | 91.00 | OK | |
r-oldrel-macos-x86_64 | 1.1.3 | 10.00 | 191.00 | 201.00 | OK | |
r-oldrel-windows-x86_64 | 1.1.3 | 23.00 | 286.00 | 309.00 | OK |
Version: 1.1.3
Check: HTML version of manual
Result: NOTE
Found the following HTML validation problems:
anova-jrt-method.html:47:1 (anova-jrt-method.Rd:10): Warning: missing </ul> before </div>
Flavors: r-devel-linux-x86_64-debian-clang, r-devel-linux-x86_64-debian-gcc