CRAN Package Check Results for Package jsTree

Last updated on 2025-10-22 05:51:14 CEST.

Flavor Version Tinstall Tcheck Ttotal Status Flags
r-devel-linux-x86_64-debian-clang 1.2 2.83 33.33 36.16 NOTE
r-devel-linux-x86_64-debian-gcc 1.2 2.20 25.84 28.04 NOTE
r-devel-linux-x86_64-fedora-clang 1.2 54.86 OK
r-devel-linux-x86_64-fedora-gcc 1.2 62.67 OK
r-devel-windows-x86_64 1.2 7.00 52.00 59.00 OK
r-patched-linux-x86_64 1.2 2.87 30.10 32.97 OK
r-release-linux-x86_64 1.2 2.94 29.93 32.87 OK
r-release-macos-arm64 1.2 2.00 40.00 42.00 OK
r-release-macos-x86_64 1.2 3.00 44.00 47.00 OK
r-release-windows-x86_64 1.2 6.00 51.00 57.00 OK
r-oldrel-macos-arm64 1.2 2.00 26.00 28.00 OK
r-oldrel-macos-x86_64 1.2 2.00 38.00 40.00 OK
r-oldrel-windows-x86_64 1.2 8.00 60.00 68.00 OK

Check Details

Version: 1.2
Check: HTML version of manual
Result: NOTE Found the following HTML validation problems: jsTree-shiny.html:68:1 (jsTree-shiny.Rd:25): Warning: missing </ul> before </div> Flavors: r-devel-linux-x86_64-debian-clang, r-devel-linux-x86_64-debian-gcc