Last updated on 2025-07-20 11:50:05 CEST.
Flavor | Version | Tinstall | Tcheck | Ttotal | Status | Flags |
---|---|---|---|---|---|---|
r-devel-linux-x86_64-debian-clang | 2.6.0 | 5.35 | 41.74 | 47.09 | OK | |
r-devel-linux-x86_64-debian-gcc | 2.6.0 | 4.30 | 32.62 | 36.92 | OK | |
r-devel-linux-x86_64-fedora-clang | 2.6.0 | 69.73 | OK | |||
r-devel-linux-x86_64-fedora-gcc | 2.6.0 | 66.30 | OK | |||
r-devel-windows-x86_64 | 2.6.0 | 15.00 | 65.00 | 80.00 | OK | |
r-patched-linux-x86_64 | 2.6.0 | 5.00 | 38.19 | 43.19 | OK | |
r-release-linux-x86_64 | 2.6.0 | 4.32 | 38.13 | 42.45 | OK | |
r-release-macos-arm64 | 2.6.0 | 31.00 | OK | |||
r-release-macos-x86_64 | 2.6.0 | 45.00 | OK | |||
r-release-windows-x86_64 | 2.6.0 | 13.00 | 63.00 | 76.00 | OK | |
r-oldrel-macos-arm64 | 2.6.0 | 29.00 | NOTE | |||
r-oldrel-macos-x86_64 | 2.6.0 | 38.00 | NOTE | |||
r-oldrel-windows-x86_64 | 2.6.0 | 15.00 | 72.00 | 87.00 | OK |
Version: 2.6.0
Check: installed package size
Result: NOTE
installed size is 6.7Mb
sub-directories of 1Mb or more:
examples 2.8Mb
htmlwidgets 1.1Mb
www 2.7Mb
Flavors: r-oldrel-macos-arm64, r-oldrel-macos-x86_64