Last updated on 2025-10-22 05:51:14 CEST.
Flavor | Version | Tinstall | Tcheck | Ttotal | Status | Flags |
---|---|---|---|---|---|---|
r-devel-linux-x86_64-debian-clang | 0.0.2 | 4.14 | 41.38 | 45.52 | NOTE | |
r-devel-linux-x86_64-debian-gcc | 0.0.2 | 2.88 | 30.57 | 33.45 | NOTE | |
r-devel-linux-x86_64-fedora-clang | 0.0.2 | 19.00 | 54.03 | 73.03 | OK | |
r-devel-linux-x86_64-fedora-gcc | 0.0.2 | 77.59 | OK | |||
r-devel-windows-x86_64 | 0.0.2 | 7.00 | 57.00 | 64.00 | OK | |
r-patched-linux-x86_64 | 0.0.2 | 4.30 | 37.23 | 41.53 | OK | |
r-release-linux-x86_64 | 0.0.2 | 3.75 | 37.03 | 40.78 | OK | |
r-release-macos-arm64 | 0.0.2 | 2.00 | 43.00 | 45.00 | OK | |
r-release-macos-x86_64 | 0.0.2 | 4.00 | 50.00 | 54.00 | OK | |
r-release-windows-x86_64 | 0.0.2 | 6.00 | 57.00 | 63.00 | OK | |
r-oldrel-macos-arm64 | 0.0.2 | 2.00 | 27.00 | 29.00 | OK | |
r-oldrel-macos-x86_64 | 0.0.2 | 3.00 | 42.00 | 45.00 | OK | |
r-oldrel-windows-x86_64 | 0.0.2 | 8.00 | 69.00 | 77.00 | OK |
Version: 0.0.2
Check: HTML version of manual
Result: NOTE
Found the following HTML validation problems:
as.collection.html:68:1 (as.collection.Rd:22): Warning: missing </ul> before </div>
as.dataset.html:71:1 (as.dataset.Rd:23): Warning: missing </ul> before </div>
autounbox.html:47:1 (autounbox.Rd:10): Warning: missing </ul> before </div>
Flavors: r-devel-linux-x86_64-debian-clang, r-devel-linux-x86_64-debian-gcc