Last updated on 2025-10-22 05:51:15 CEST.
Flavor | Version | Tinstall | Tcheck | Ttotal | Status | Flags |
---|---|---|---|---|---|---|
r-devel-linux-x86_64-debian-clang | 2.1.3 | 33.12 | 107.42 | 140.54 | NOTE | |
r-devel-linux-x86_64-debian-gcc | 2.1.3 | 24.51 | 83.57 | 108.08 | NOTE | |
r-devel-linux-x86_64-fedora-clang | 2.1.3 | 173.00 | 70.44 | 243.44 | OK | |
r-devel-linux-x86_64-fedora-gcc | 2.1.3 | 73.00 | 173.28 | 246.28 | OK | |
r-devel-windows-x86_64 | 2.1.3 | 49.00 | 149.00 | 198.00 | OK | |
r-patched-linux-x86_64 | 2.1.3 | 35.07 | 118.42 | 153.49 | OK | |
r-release-linux-x86_64 | 2.1.3 | 35.62 | 118.54 | 154.16 | OK | |
r-release-macos-arm64 | 2.1.3 | 16.00 | 55.00 | 71.00 | OK | |
r-release-macos-x86_64 | 2.1.3 | 17.00 | 109.00 | 126.00 | OK | |
r-release-windows-x86_64 | 2.1.3 | 53.00 | 149.00 | 202.00 | OK | |
r-oldrel-macos-arm64 | 2.1.3 | 15.00 | 64.00 | 79.00 | OK | |
r-oldrel-macos-x86_64 | 2.1.3 | 17.00 | 117.00 | 134.00 | OK | |
r-oldrel-windows-x86_64 | 2.1.3 | 55.00 | 195.00 | 250.00 | OK |
Version: 2.1.3
Check: HTML version of manual
Result: NOTE
Found the following HTML validation problems:
estimate_time_diploid.html:102:1 (estimate_time_diploid.Rd:49): Warning: missing </ul> before </div>
Flavors: r-devel-linux-x86_64-debian-clang, r-devel-linux-x86_64-debian-gcc