CRAN Package Check Results for Package just.install

Last updated on 2025-10-22 05:51:15 CEST.

Flavor Version Tinstall Tcheck Ttotal Status Flags
r-devel-linux-x86_64-debian-clang 1.0.2 3.71 36.14 39.85 NOTE
r-devel-linux-x86_64-debian-gcc 1.0.2 2.45 27.04 29.49 NOTE
r-devel-linux-x86_64-fedora-clang 1.0.2 15.00 51.84 66.84 NOTE
r-devel-linux-x86_64-fedora-gcc 1.0.2 67.71 NOTE
r-devel-windows-x86_64 1.0.2 7.00 53.00 60.00 NOTE
r-patched-linux-x86_64 1.0.2 3.62 33.34 36.96 NOTE
r-release-linux-x86_64 1.0.2 3.00 33.14 36.14 NOTE
r-release-macos-arm64 1.0.2 2.00 34.00 36.00 NOTE
r-release-macos-x86_64 1.0.2 3.00 46.00 49.00 NOTE
r-release-windows-x86_64 1.0.2 6.00 52.00 58.00 NOTE
r-oldrel-macos-arm64 1.0.2 2.00 26.00 28.00 OK
r-oldrel-macos-x86_64 1.0.2 3.00 37.00 40.00 OK
r-oldrel-windows-x86_64 1.0.2 7.00 61.00 68.00 OK

Check Details

Version: 1.0.2
Check: DESCRIPTION meta-information
Result: NOTE Missing dependency on R >= 4.1.0 because package code uses the pipe |> or function shorthand \(...) syntax added in R 4.1.0. File(s) using such syntax: ‘just.install.R’ Flavors: r-devel-linux-x86_64-debian-clang, r-devel-linux-x86_64-debian-gcc, r-devel-linux-x86_64-fedora-clang, r-devel-linux-x86_64-fedora-gcc, r-devel-windows-x86_64, r-patched-linux-x86_64, r-release-linux-x86_64, r-release-macos-arm64, r-release-macos-x86_64, r-release-windows-x86_64