Last updated on 2025-10-22 05:51:15 CEST.
Flavor | Version | Tinstall | Tcheck | Ttotal | Status | Flags |
---|---|---|---|---|---|---|
r-devel-linux-x86_64-debian-clang | 1.4.0 | 9.03 | 95.89 | 104.92 | NOTE | |
r-devel-linux-x86_64-debian-gcc | 1.4.0 | 6.30 | 69.55 | 75.85 | NOTE | |
r-devel-linux-x86_64-fedora-clang | 1.4.0 | 47.00 | 120.41 | 167.41 | OK | |
r-devel-linux-x86_64-fedora-gcc | 1.4.0 | 17.00 | 139.14 | 156.14 | OK | |
r-devel-windows-x86_64 | 1.4.0 | 11.00 | 127.00 | 138.00 | OK | |
r-patched-linux-x86_64 | 1.4.0 | 9.09 | 90.09 | 99.18 | OK | |
r-release-linux-x86_64 | 1.4.0 | 8.54 | 88.55 | 97.09 | OK | |
r-release-macos-arm64 | 1.4.0 | 5.00 | 98.00 | 103.00 | OK | |
r-release-macos-x86_64 | 1.4.0 | 7.00 | 116.00 | 123.00 | OK | |
r-release-windows-x86_64 | 1.4.0 | 12.00 | 128.00 | 140.00 | OK | |
r-oldrel-macos-arm64 | 1.4.0 | 4.00 | 49.00 | 53.00 | OK | |
r-oldrel-macos-x86_64 | 1.4.0 | 5.00 | 79.00 | 84.00 | OK | |
r-oldrel-windows-x86_64 | 1.4.0 | 15.00 | 153.00 | 168.00 | OK |
Version: 1.4.0
Check: HTML version of manual
Result: NOTE
Found the following HTML validation problems:
auto_index.html:48:1 (auto_index.Rd:10): Warning: missing </ul> before </div>
cell_spec.html:189:1 (cell_spec.Rd:116): Warning: missing </ul> before </div>
header_separate.html:59:1 (header_separate.Rd:15): Warning: missing </ul> before </div>
kable_as_image.html:89:1 (kable_as_image.Rd:41): Warning: missing </ul> before </div>
kable_as_xml.html:46:1 (kable_as_xml.Rd:10): Warning: missing </ul> before </div>
kable_classic.html:105:1 (kable_classic.Rd:64): Warning: missing </ul> before </div>
linebreak.html:60:1 (linebreak.Rd:17): Warning: missing </ul> before </div>
spec_angle.html:59:1 (spec_angle.Rd:17): Warning: missing </ul> before </div>
spec_boxplot.html:153:1 (spec_boxplot.Rd:74): Warning: missing </ul> before </div>
spec_color.html:96:1 (spec_color.Rd:44): Warning: missing </ul> before </div>
spec_font_size.html:63:1 (spec_font_size.Rd:19): Warning: missing </ul> before </div>
spec_hist.html:134:1 (spec_hist.Rd:63): Warning: missing </ul> before </div>
spec_image.html:64:1 (spec_image.Rd:18): Warning: missing </ul> before </div>
spec_plot.html:173:1 (spec_plot.Rd:92): Warning: missing </ul> before </div>
spec_pointrange.html:146:1 (spec_pointrange.Rd:71): Warning: missing </ul> before </div>
spec_popover.html:65:1 (spec_popover.Rd:23): Warning: missing </ul> before </div>
spec_tooltip.html:51:1 (spec_tooltip.Rd:13): Warning: missing </ul> before </div>
xml_as_kable.html:46:1 (xml_as_kable.Rd:10): Warning: missing </ul> before </div>
Flavors: r-devel-linux-x86_64-debian-clang, r-devel-linux-x86_64-debian-gcc