CRAN Package Check Results for Package keras

Last updated on 2025-07-19 08:48:39 CEST.

Flavor Version Tinstall Tcheck Ttotal Status Flags
r-devel-linux-x86_64-debian-clang 2.15.0 17.95 209.88 227.83 NOTE
r-devel-linux-x86_64-debian-gcc 2.15.0 14.50 151.66 166.16 NOTE
r-devel-linux-x86_64-fedora-clang 2.15.0 331.70 OK
r-devel-linux-x86_64-fedora-gcc 2.15.0 349.24 OK
r-devel-windows-x86_64 2.15.0 26.00 287.00 313.00 NOTE
r-patched-linux-x86_64 2.15.0 31.89 197.46 229.35 NOTE
r-release-linux-x86_64 2.15.0 19.39 196.56 215.95 NOTE
r-release-macos-arm64 2.15.0 154.00 OK
r-release-macos-x86_64 2.15.0 249.00 OK
r-release-windows-x86_64 2.15.0 27.00 286.00 313.00 NOTE
r-oldrel-macos-arm64 2.15.0 124.00 OK
r-oldrel-macos-x86_64 2.15.0 175.00 NOTE
r-oldrel-windows-x86_64 2.15.0 37.00 335.00 372.00 OK

Check Details

Version: 2.15.0
Check: Rd cross-references
Result: NOTE Found the following Rd file(s) with Rd \link{} targets missing package anchors: KerasCallback.Rd: R6Class KerasConstraint.Rd: R6Class KerasLayer.Rd: R6Class KerasWrapper.Rd: R6Class Please provide package anchors for all Rd \link{} targets not in the package itself and the base packages. Flavors: r-devel-linux-x86_64-debian-clang, r-devel-linux-x86_64-debian-gcc, r-devel-windows-x86_64, r-patched-linux-x86_64, r-release-linux-x86_64, r-release-windows-x86_64

Version: 2.15.0
Check: installed package size
Result: NOTE installed size is 5.0Mb sub-directories of 1Mb or more: doc 2.0Mb help 2.1Mb Flavor: r-oldrel-macos-x86_64