Last updated on 2025-10-22 05:51:15 CEST.
Flavor | Version | Tinstall | Tcheck | Ttotal | Status | Flags |
---|---|---|---|---|---|---|
r-devel-linux-x86_64-debian-clang | 0.5.4 | 137.13 | 203.74 | 340.87 | NOTE | |
r-devel-linux-x86_64-debian-gcc | 0.5.4 | 98.94 | 139.55 | 238.49 | NOTE | |
r-devel-linux-x86_64-fedora-clang | 0.5.4 | 660.00 | 24.93 | 684.93 | OK | |
r-devel-linux-x86_64-fedora-gcc | 0.5.4 | 255.00 | 320.14 | 575.14 | OK | |
r-devel-windows-x86_64 | 0.5.4 | 162.00 | 218.00 | 380.00 | OK | |
r-patched-linux-x86_64 | 0.5.4 | 142.15 | 195.81 | 337.96 | OK | |
r-release-linux-x86_64 | 0.5.4 | 145.35 | 197.08 | 342.43 | OK | |
r-release-macos-arm64 | 0.5.4 | 57.00 | 84.00 | 141.00 | OK | |
r-release-macos-x86_64 | 0.5.4 | 45.00 | 180.00 | 225.00 | OK | |
r-release-windows-x86_64 | 0.5.4 | 174.00 | 217.00 | 391.00 | OK | |
r-oldrel-macos-arm64 | 0.5.4 | 53.00 | 81.00 | 134.00 | NOTE | |
r-oldrel-macos-x86_64 | 0.5.4 | 52.00 | 159.00 | 211.00 | NOTE | |
r-oldrel-windows-x86_64 | 0.5.4 | 198.00 | 274.00 | 472.00 | OK |
Version: 0.5.4
Check: HTML version of manual
Result: NOTE
Found the following HTML validation problems:
calc_PGtheta_R.html:58:1 (calc_PGtheta_R.Rd:16): Warning: missing </ul> before </div>
covariates_get.html:46:1 (covariates_get.Rd:10): Warning: missing </ul> before </div>
covariates_info.html:46:1 (covariates_info.Rd:10): Warning: missing </ul> before </div>
keyATM_fit_HMM.html:50:1 (keyATM_fit_HMM.Rd:12): Warning: missing </ul> before </div>
keyATM_fit_LDA.html:50:1 (keyATM_fit_LDA.Rd:12): Warning: missing </ul> before </div>
keyATM_fit_LDAHMM.html:50:1 (keyATM_fit_LDAHMM.Rd:12): Warning: missing </ul> before </div>
keyATM_fit_LDAcov.html:50:1 (keyATM_fit_LDAcov.Rd:12): Warning: missing </ul> before </div>
keyATM_fit_base.html:50:1 (keyATM_fit_base.Rd:12): Warning: missing </ul> before </div>
keyATM_fit_cov.html:50:1 (keyATM_fit_cov.Rd:12): Warning: missing </ul> before </div>
keyATM_fit_covPG.html:50:1 (keyATM_fit_covPG.Rd:12): Warning: missing </ul> before </div>
keyATMvb_call.html:46:1 (keyATMvb_call.Rd:10): Warning: missing </ul> before </div>
make_wsz_cpp.html:54:1 (make_wsz_cpp.Rd:14): Warning: missing </ul> before </div>
multiPGreg.html:66:1 (multiPGreg.Rd:20): Warning: missing </ul> before </div>
predict.keyATM_output.html:104:1 (predict.keyATM_output.Rd:45): Warning: missing </ul> before </div>
read_dfm_cpp.html:58:1 (read_dfm_cpp.Rd:16): Warning: missing </ul> before </div>
Flavors: r-devel-linux-x86_64-debian-clang, r-devel-linux-x86_64-debian-gcc
Version: 0.5.4
Check: installed package size
Result: NOTE
installed size is 11.9Mb
sub-directories of 1Mb or more:
libs 11.4Mb
Flavors: r-oldrel-macos-arm64, r-oldrel-macos-x86_64