Last updated on 2025-10-24 04:50:56 CEST.
| Flavor | Version | Tinstall | Tcheck | Ttotal | Status | Flags |
|---|---|---|---|---|---|---|
| r-devel-linux-x86_64-debian-clang | 0.2.1 | 75.46 | 127.67 | 203.13 | OK | |
| r-devel-linux-x86_64-debian-gcc | 0.2.1 | 63.61 | 91.72 | 155.33 | OK | |
| r-devel-linux-x86_64-fedora-clang | 0.2.1 | 323.00 | 17.71 | 340.71 | NOTE | |
| r-devel-linux-x86_64-fedora-gcc | 0.2.1 | 160.00 | 199.12 | 359.12 | NOTE | |
| r-devel-windows-x86_64 | 0.2.1 | 88.00 | 163.00 | 251.00 | OK | |
| r-patched-linux-x86_64 | 0.2.1 | 92.73 | 121.50 | 214.23 | OK | |
| r-release-linux-x86_64 | 0.2.1 | 90.93 | 121.70 | 212.63 | OK | |
| r-release-macos-arm64 | 0.2.1 | 35.00 | 71.00 | 106.00 | OK | |
| r-release-macos-x86_64 | 0.2.1 | 49.00 | 134.00 | 183.00 | OK | |
| r-release-windows-x86_64 | 0.2.1 | 89.00 | 166.00 | 255.00 | OK | |
| r-oldrel-macos-arm64 | 0.2.1 | 19.00 | 219.00 | 238.00 | NOTE | |
| r-oldrel-macos-x86_64 | 0.2.1 | 32.00 | 255.00 | 287.00 | NOTE | |
| r-oldrel-windows-x86_64 | 0.2.1 | 107.00 | 213.00 | 320.00 | OK |
Version: 0.2.1
Check: dependencies in R code
Result: NOTE
Namespace in Imports field not imported from: ‘RcppProgress’
All declared Imports should be used.
Flavors: r-devel-linux-x86_64-fedora-clang, r-devel-linux-x86_64-fedora-gcc
Version: 0.2.1
Check: installed package size
Result: NOTE
installed size is 18.3Mb
sub-directories of 1Mb or more:
libs 17.9Mb
Flavors: r-oldrel-macos-arm64, r-oldrel-macos-x86_64