Last updated on 2025-10-24 04:50:56 CEST.
| Flavor | Version | Tinstall | Tcheck | Ttotal | Status | Flags |
|---|---|---|---|---|---|---|
| r-devel-linux-x86_64-debian-clang | 1.7-3 | 12.52 | 108.90 | 121.42 | NOTE | |
| r-devel-linux-x86_64-debian-gcc | 1.7-3 | 8.97 | 72.40 | 81.37 | NOTE | |
| r-devel-linux-x86_64-fedora-clang | 1.7-3 | 74.00 | 129.36 | 203.36 | OK | |
| r-devel-linux-x86_64-fedora-gcc | 1.7-3 | 65.00 | 128.98 | 193.98 | OK | |
| r-devel-windows-x86_64 | 1.7-3 | 14.00 | 125.00 | 139.00 | OK | |
| r-patched-linux-x86_64 | 1.7-3 | 13.33 | 103.19 | 116.52 | OK | |
| r-release-linux-x86_64 | 1.7-3 | 11.63 | 102.39 | 114.02 | OK | |
| r-release-macos-arm64 | 1.7-3 | 5.00 | 44.00 | 49.00 | OK | |
| r-release-macos-x86_64 | 1.7-3 | 10.00 | 90.00 | 100.00 | OK | |
| r-release-windows-x86_64 | 1.7-3 | 14.00 | 122.00 | 136.00 | OK | |
| r-oldrel-macos-arm64 | 1.7-3 | 6.00 | 44.00 | 50.00 | OK | |
| r-oldrel-macos-x86_64 | 1.7-3 | 8.00 | 65.00 | 73.00 | OK | |
| r-oldrel-windows-x86_64 | 1.7-3 | 19.00 | 157.00 | 176.00 | OK |
Version: 1.7-3
Check: CRAN incoming feasibility
Result: NOTE
Maintainer: ‘Uwe Ligges <ligges@statistik.tu-dortmund.de>’
No Authors@R field in DESCRIPTION.
Please add one, modifying
Authors@R: c(person(given = "Christian",
family = "Roever",
role = "aut"),
person(given = "Nils",
family = "Raabe",
role = "aut"),
person(given = "Karsten",
family = "Luebke",
role = "aut"),
person(given = "Uwe",
family = "Ligges",
role = c("aut", "cre"),
email = "ligges@statistik.tu-dortmund.de"),
person(given = "Gero",
family = "Szepannek",
role = "aut"),
person(given = "Marc",
family = "Zentgraf",
role = "aut"),
person(given = "David",
family = "Meyer",
role = "aut"))
as necessary.
Flavors: r-devel-linux-x86_64-debian-clang, r-devel-linux-x86_64-debian-gcc
Version: 1.7-3
Check: HTML version of manual
Result: NOTE
Found the following HTML validation problems:
dmvnorm.html:53:1 (dmvnorm.Rd:12): Warning: missing </ul> before </div>
Flavor: r-devel-linux-x86_64-debian-clang