Last updated on 2025-10-22 05:51:15 CEST.
Flavor | Version | Tinstall | Tcheck | Ttotal | Status | Flags |
---|---|---|---|---|---|---|
r-devel-linux-x86_64-debian-clang | 0.2.1 | 2.28 | 30.67 | 32.95 | NOTE | |
r-devel-linux-x86_64-debian-gcc | 0.2.1 | 1.74 | 24.86 | 26.60 | NOTE | |
r-devel-linux-x86_64-fedora-clang | 0.2.1 | 15.00 | 34.82 | 49.82 | OK | |
r-devel-linux-x86_64-fedora-gcc | 0.2.1 | 43.87 | OK | |||
r-devel-windows-x86_64 | 0.2.1 | 4.00 | 54.00 | 58.00 | OK | |
r-patched-linux-x86_64 | 0.2.1 | 2.29 | 28.66 | 30.95 | OK | |
r-release-linux-x86_64 | 0.2.1 | 2.11 | 28.51 | 30.62 | OK | |
r-release-macos-arm64 | 0.2.1 | 1.00 | 29.00 | 30.00 | OK | |
r-release-macos-x86_64 | 0.2.1 | 2.00 | 45.00 | 47.00 | OK | |
r-release-windows-x86_64 | 0.2.1 | 5.00 | 54.00 | 59.00 | OK | |
r-oldrel-macos-arm64 | 0.2.1 | 1.00 | 35.00 | 36.00 | OK | |
r-oldrel-macos-x86_64 | 0.2.1 | 2.00 | 41.00 | 43.00 | OK | |
r-oldrel-windows-x86_64 | 0.2.1 | 6.00 | 60.00 | 66.00 | OK |
Version: 0.2.1
Check: HTML version of manual
Result: NOTE
Found the following HTML validation problems:
cantons.html:46:1 (cantons.Rd:10): Warning: missing </ul> before </div>
get_dataset.html:56:1 (get_dataset.Rd:15): Warning: missing </ul> before </div>
param_defs.html:41:1 (param_defs.Rd:8): Warning: missing </ul> before </div>
Flavors: r-devel-linux-x86_64-debian-clang, r-devel-linux-x86_64-debian-gcc