Last updated on 2025-10-24 04:50:56 CEST.
| Flavor | Version | Tinstall | Tcheck | Ttotal | Status | Flags |
|---|---|---|---|---|---|---|
| r-devel-linux-x86_64-debian-clang | 0.2.1 | 1.59 | 22.26 | 23.85 | NOTE | |
| r-devel-linux-x86_64-debian-gcc | 0.2.1 | 1.43 | 17.80 | 19.23 | NOTE | |
| r-devel-linux-x86_64-fedora-clang | 0.2.1 | 36.81 | OK | |||
| r-devel-linux-x86_64-fedora-gcc | 0.2.1 | 31.89 | OK | |||
| r-devel-windows-x86_64 | 0.2.1 | 3.00 | 42.00 | 45.00 | OK | |
| r-patched-linux-x86_64 | 0.2.1 | 1.66 | 20.79 | 22.45 | OK | |
| r-release-linux-x86_64 | 0.2.1 | 1.64 | 20.74 | 22.38 | OK | |
| r-release-macos-arm64 | 0.2.1 | 1.00 | 15.00 | 16.00 | OK | |
| r-release-macos-x86_64 | 0.2.1 | 2.00 | 22.00 | 24.00 | OK | |
| r-release-windows-x86_64 | 0.2.1 | 3.00 | 44.00 | 47.00 | OK | |
| r-oldrel-macos-arm64 | 0.2.1 | 1.00 | 13.00 | 14.00 | OK | |
| r-oldrel-macos-x86_64 | 0.2.1 | 1.00 | 23.00 | 24.00 | OK | |
| r-oldrel-windows-x86_64 | 0.2.1 | 4.00 | 47.00 | 51.00 | OK |
Version: 0.2.1
Check: CRAN incoming feasibility
Result: NOTE
Maintainer: ‘Daniel Rodriguez <daniel.rodriguez.perez@gmail.com>’
No Authors@R field in DESCRIPTION.
Please add one, modifying
Authors@R: person(given = "Daniel",
family = "Rodriguez",
role = c("aut", "cre"),
email = "daniel.rodriguez.perez@gmail.com")
as necessary.
Flavors: r-devel-linux-x86_64-debian-clang, r-devel-linux-x86_64-debian-gcc