CRAN Package Check Results for Package labeling

Last updated on 2025-10-22 05:51:15 CEST.

Flavor Version Tinstall Tcheck Ttotal Status Flags
r-devel-linux-x86_64-debian-clang 0.4.3 2.20 21.51 23.71 NOTE
r-devel-linux-x86_64-debian-gcc 0.4.3 1.43 17.47 18.90 NOTE
r-devel-linux-x86_64-fedora-clang 0.4.3 37.08 OK
r-devel-linux-x86_64-fedora-gcc 0.4.3 33.01 OK
r-devel-windows-x86_64 0.4.3 4.00 40.00 44.00 OK
r-patched-linux-x86_64 0.4.3 1.87 20.19 22.06 OK
r-release-linux-x86_64 0.4.3 1.41 20.06 21.47 OK
r-release-macos-arm64 0.4.3 1.00 16.00 17.00 OK
r-release-macos-x86_64 0.4.3 2.00 24.00 26.00 OK
r-release-windows-x86_64 0.4.3 6.00 46.00 52.00 OK
r-oldrel-macos-arm64 0.4.3 1.00 19.00 20.00 OK
r-oldrel-macos-x86_64 0.4.3 2.00 21.00 23.00 OK
r-oldrel-windows-x86_64 0.4.3 5.00 42.00 47.00 OK

Check Details

Version: 0.4.3
Check: CRAN incoming feasibility
Result: NOTE Maintainer: ‘Nuno Sempere <nuno.semperelh@gmail.com>’ No Authors@R field in DESCRIPTION. Please add one, modifying Authors@R: c(person(given = "Justin", family = "Talbot,", role = "aut"), person(given = "Nuno", family = "Sempere", role = "cre", email = "nuno.semperelh@gmail.com")) as necessary. Flavors: r-devel-linux-x86_64-debian-clang, r-devel-linux-x86_64-debian-gcc