CRAN Package Check Results for Package landest

Last updated on 2025-10-22 05:51:15 CEST.

Flavor Version Tinstall Tcheck Ttotal Status Flags
r-devel-linux-x86_64-debian-clang 1.2 7.04 59.39 66.43 NOTE
r-devel-linux-x86_64-debian-gcc 1.2 4.71 45.33 50.04 NOTE
r-devel-linux-x86_64-fedora-clang 1.2 24.00 80.47 104.47 OK
r-devel-linux-x86_64-fedora-gcc 1.2 15.00 80.91 95.91 OK
r-devel-windows-x86_64 1.2 8.00 73.00 81.00 OK
r-patched-linux-x86_64 1.2 6.76 56.98 63.74 OK
r-release-linux-x86_64 1.2 6.03 56.62 62.65 OK
r-release-macos-arm64 1.2 3.00 30.00 33.00 OK
r-release-macos-x86_64 1.2 12.00 78.00 90.00 OK
r-release-windows-x86_64 1.2 9.00 75.00 84.00 OK
r-oldrel-macos-arm64 1.2 3.00 27.00 30.00 OK
r-oldrel-macos-x86_64 1.2 5.00 41.00 46.00 OK
r-oldrel-windows-x86_64 1.2 10.00 86.00 96.00 OK

Check Details

Version: 1.2
Check: CRAN incoming feasibility
Result: NOTE Maintainer: ‘Layla Parast <parast@austin.utexas.edu>’ No Authors@R field in DESCRIPTION. Please add one, modifying Authors@R: person(given = "Layla", family = "Parast", role = c("aut", "cre"), email = "parast@austin.utexas.edu") as necessary. Flavors: r-devel-linux-x86_64-debian-clang, r-devel-linux-x86_64-debian-gcc