CRAN Package Check Results for Package languageserver

Last updated on 2025-10-22 05:51:15 CEST.

Flavor Version Tinstall Tcheck Ttotal Status Flags
r-devel-linux-x86_64-debian-clang 0.3.16 18.61 48.46 67.07 NOTE
r-devel-linux-x86_64-debian-gcc 0.3.16 12.28 35.17 47.45 NOTE
r-devel-linux-x86_64-fedora-clang 0.3.16 88.00 23.49 111.49 OK
r-devel-linux-x86_64-fedora-gcc 0.3.16 45.00 53.98 98.98 OK
r-devel-windows-x86_64 0.3.16 27.00 68.00 95.00 OK
r-patched-linux-x86_64 0.3.16 19.92 44.96 64.88 OK
r-release-linux-x86_64 0.3.16 19.52 44.55 64.07 OK
r-release-macos-arm64 0.3.16 14.00 45.00 59.00 OK
r-release-macos-x86_64 0.3.16 26.00 51.00 77.00 OK
r-release-windows-x86_64 0.3.16 29.00 69.00 98.00 OK
r-oldrel-macos-arm64 0.3.16 9.00 23.00 32.00 OK
r-oldrel-macos-x86_64 0.3.16 14.00 35.00 49.00 OK
r-oldrel-windows-x86_64 0.3.16 32.00 80.00 112.00 OK

Check Details

Version: 0.3.16
Check: CRAN incoming feasibility
Result: NOTE Maintainer: ‘Randy Lai <randy.cs.lai@gmail.com>’ Found the following (possibly) invalid URLs: URL: https://app.gitter.im/#/room/#REditorSupport_community:gitter.im?utm_source=badge&utm_medium=badge&utm_campaign=pr-badge From: README.md Message: Invalid URL: '#' not allowed in fragment Flavors: r-devel-linux-x86_64-debian-clang, r-devel-linux-x86_64-debian-gcc