Last updated on 2025-10-24 04:50:56 CEST.
| Flavor | Version | Tinstall | Tcheck | Ttotal | Status | Flags |
|---|---|---|---|---|---|---|
| r-devel-linux-x86_64-debian-clang | 0.1.2 | 1.45 | 22.23 | 23.68 | OK | |
| r-devel-linux-x86_64-debian-gcc | 0.1.2 | 1.39 | 19.54 | 20.93 | OK | |
| r-devel-linux-x86_64-fedora-clang | 0.1.2 | 35.36 | OK | |||
| r-devel-linux-x86_64-fedora-gcc | 0.1.2 | 32.29 | OK | |||
| r-devel-windows-x86_64 | 0.1.2 | 3.00 | 44.00 | 47.00 | OK | |
| r-patched-linux-x86_64 | 0.1.2 | 1.66 | 20.22 | 21.88 | OK | |
| r-release-linux-x86_64 | 0.1.2 | 1.74 | 19.99 | 21.73 | OK | |
| r-release-macos-arm64 | 0.1.2 | 1.00 | 16.00 | 17.00 | OK | |
| r-release-macos-x86_64 | 0.1.2 | 2.00 | 23.00 | 25.00 | OK | |
| r-release-windows-x86_64 | 0.1.2 | 3.00 | 52.00 | 55.00 | OK | |
| r-oldrel-macos-arm64 | 0.1.2 | 1.00 | 15.00 | 16.00 | NOTE | |
| r-oldrel-macos-x86_64 | 0.1.2 | 2.00 | 20.00 | 22.00 | NOTE | |
| r-oldrel-windows-x86_64 | 0.1.2 | 3.00 | 45.00 | 48.00 | NOTE |
Version: 0.1.2
Check: LazyData
Result: NOTE
'LazyData' is specified without a 'data' directory
Flavors: r-oldrel-macos-arm64, r-oldrel-macos-x86_64, r-oldrel-windows-x86_64