Last updated on 2025-10-22 05:51:15 CEST.
Flavor | Version | Tinstall | Tcheck | Ttotal | Status | Flags |
---|---|---|---|---|---|---|
r-devel-linux-x86_64-debian-clang | 1.2.0 | 7.38 | 117.88 | 125.26 | NOTE | |
r-devel-linux-x86_64-debian-gcc | 1.2.0 | 5.39 | 85.81 | 91.20 | NOTE | |
r-devel-linux-x86_64-fedora-clang | 1.2.0 | 22.00 | 173.82 | 195.82 | OK | |
r-devel-linux-x86_64-fedora-gcc | 1.2.0 | 16.00 | 172.66 | 188.66 | OK | |
r-devel-windows-x86_64 | 1.2.0 | 10.00 | 120.00 | 130.00 | OK | |
r-patched-linux-x86_64 | 1.2.0 | 6.50 | 111.97 | 118.47 | OK | |
r-release-linux-x86_64 | 1.2.0 | 7.40 | 113.10 | 120.50 | OK | |
r-release-macos-arm64 | 1.2.0 | 3.00 | 49.00 | 52.00 | OK | |
r-release-macos-x86_64 | 1.2.0 | 5.00 | 103.00 | 108.00 | OK | |
r-release-windows-x86_64 | 1.2.0 | 12.00 | 121.00 | 133.00 | OK | |
r-oldrel-macos-arm64 | 1.2.0 | 3.00 | 52.00 | 55.00 | OK | |
r-oldrel-macos-x86_64 | 1.2.0 | 4.00 | 79.00 | 83.00 | OK | |
r-oldrel-windows-x86_64 | 1.2.0 | 13.00 | 156.00 | 169.00 | OK |
Version: 1.2.0
Check: HTML version of manual
Result: NOTE
Found the following HTML validation problems:
load_HMR.html:66:1 (load_HMR.Rd:20): Warning: missing </ul> before </div>
load_LANS_maps.html:92:1 (load_LANS_maps.Rd:37): Warning: missing </ul> before </div>
load_LANS_summary.html:103:1 (load_LANS_summary.Rd:44): Warning: missing </ul> before </div>
plot_maps.html:66:1 (plot_maps.Rd:21): Warning: missing </ul> before </div>
Flavors: r-devel-linux-x86_64-debian-clang, r-devel-linux-x86_64-debian-gcc