Last updated on 2025-10-24 04:50:56 CEST.
| Flavor | Version | Tinstall | Tcheck | Ttotal | Status | Flags |
|---|---|---|---|---|---|---|
| r-devel-linux-x86_64-debian-clang | 0.0.6 | 17.08 | 115.41 | 132.49 | NOTE | |
| r-devel-linux-x86_64-debian-gcc | 0.0.6 | 9.21 | 80.31 | 89.52 | NOTE | |
| r-devel-linux-x86_64-fedora-clang | 0.0.6 | 57.00 | 152.66 | 209.66 | OK | |
| r-devel-linux-x86_64-fedora-gcc | 0.0.6 | 31.00 | 147.89 | 178.89 | OK | |
| r-devel-windows-x86_64 | 0.0.6 | 16.00 | 120.00 | 136.00 | NOTE | |
| r-patched-linux-x86_64 | 0.0.6 | 15.29 | 107.07 | 122.36 | NOTE | |
| r-release-linux-x86_64 | 0.0.6 | 14.10 | 107.57 | 121.67 | NOTE | |
| r-release-macos-arm64 | 0.0.6 | 7.00 | 44.00 | 51.00 | OK | |
| r-release-macos-x86_64 | 0.0.6 | 11.00 | 76.00 | 87.00 | OK | |
| r-release-windows-x86_64 | 0.0.6 | 17.00 | 120.00 | 137.00 | NOTE | |
| r-oldrel-macos-arm64 | 0.0.6 | 6.00 | 38.00 | 44.00 | OK | |
| r-oldrel-macos-x86_64 | 0.0.6 | 9.00 | 63.00 | 72.00 | OK | |
| r-oldrel-windows-x86_64 | 0.0.6 | 23.00 | 146.00 | 169.00 | OK |
Version: 0.0.6
Check: Rd cross-references
Result: NOTE
Found the following Rd file(s) with Rd \link{} targets missing package
anchors:
ESEM.Rd: lavaan
add_population_error.Rd: bifactor
Please provide package anchors for all Rd \link{} targets not in the
package itself and the base packages.
Flavors: r-devel-linux-x86_64-debian-clang, r-devel-linux-x86_64-debian-gcc, r-devel-windows-x86_64, r-patched-linux-x86_64, r-release-linux-x86_64, r-release-windows-x86_64