Last updated on 2025-10-22 05:51:15 CEST.
Flavor | Version | Tinstall | Tcheck | Ttotal | Status | Flags |
---|---|---|---|---|---|---|
r-devel-linux-x86_64-debian-clang | 1.2 | 11.15 | 115.14 | 126.29 | NOTE | |
r-devel-linux-x86_64-debian-gcc | 1.2 | 8.19 | 81.86 | 90.05 | NOTE | |
r-devel-linux-x86_64-fedora-clang | 1.2 | 36.00 | 165.35 | 201.35 | OK | |
r-devel-linux-x86_64-fedora-gcc | 1.2 | 21.00 | 174.64 | 195.64 | OK | |
r-devel-windows-x86_64 | 1.2 | 14.00 | 132.00 | 146.00 | OK | |
r-patched-linux-x86_64 | 1.2 | 9.30 | 106.53 | 115.83 | OK | |
r-release-linux-x86_64 | 1.2 | 9.18 | 105.14 | 114.32 | OK | |
r-release-macos-arm64 | 1.2 | 6.00 | 74.00 | 80.00 | OK | |
r-release-macos-x86_64 | 1.2 | 8.00 | 110.00 | 118.00 | OK | |
r-release-windows-x86_64 | 1.2 | 12.00 | 136.00 | 148.00 | OK | |
r-oldrel-macos-arm64 | 1.2 | 5.00 | 58.00 | 63.00 | OK | |
r-oldrel-macos-x86_64 | 1.2 | 13.00 | 89.00 | 102.00 | OK | |
r-oldrel-windows-x86_64 | 1.2 | 15.00 | 169.00 | 184.00 | OK |
Version: 1.2
Check: HTML version of manual
Result: NOTE
Found the following HTML validation problems:
median_effect.html:62:1 (median_effect.Rd:18): Warning: missing </ul> before </div>
Flavors: r-devel-linux-x86_64-debian-clang, r-devel-linux-x86_64-debian-gcc