CRAN Package Check Results for Package lettervalue

Last updated on 2025-10-22 05:51:15 CEST.

Flavor Version Tinstall Tcheck Ttotal Status Flags
r-devel-linux-x86_64-debian-clang 0.2.1 1.67 19.79 21.46 NOTE
r-devel-linux-x86_64-debian-gcc 0.2.1 1.42 16.00 17.42 NOTE
r-devel-linux-x86_64-fedora-clang 0.2.1 33.67 NOTE
r-devel-linux-x86_64-fedora-gcc 0.2.1 29.39 NOTE
r-devel-windows-x86_64 0.2.1 4.00 38.00 42.00 NOTE
r-patched-linux-x86_64 0.2.1 1.82 18.53 20.35 NOTE
r-release-linux-x86_64 0.2.1 1.35 18.34 19.69 NOTE
r-release-macos-arm64 0.2.1 2.00 23.00 25.00 NOTE
r-release-macos-x86_64 0.2.1 2.00 23.00 25.00 NOTE
r-release-windows-x86_64 0.2.1 3.00 40.00 43.00 NOTE
r-oldrel-macos-arm64 0.2.1 1.00 14.00 15.00 OK
r-oldrel-macos-x86_64 0.2.1 2.00 19.00 21.00 OK
r-oldrel-windows-x86_64 0.2.1 5.00 44.00 49.00 OK

Check Details

Version: 0.2.1
Check: DESCRIPTION meta-information
Result: NOTE Missing dependency on R >= 4.1.0 because package code uses the pipe |> or function shorthand \(...) syntax added in R 4.1.0. File(s) using such syntax: ‘letter_value.R’ ‘print_lv.R’ Flavors: r-devel-linux-x86_64-debian-clang, r-devel-linux-x86_64-debian-gcc, r-devel-linux-x86_64-fedora-clang, r-devel-linux-x86_64-fedora-gcc, r-devel-windows-x86_64, r-patched-linux-x86_64, r-release-linux-x86_64, r-release-macos-arm64, r-release-macos-x86_64, r-release-windows-x86_64