Last updated on 2025-10-22 05:51:15 CEST.
Flavor | Version | Tinstall | Tcheck | Ttotal | Status | Flags |
---|---|---|---|---|---|---|
r-devel-linux-x86_64-debian-clang | 4.6.0 | 445.62 | 143.31 | 588.93 | NOTE | |
r-devel-linux-x86_64-debian-gcc | 4.6.0 | 365.06 | 101.93 | 466.99 | NOTE | |
r-devel-linux-x86_64-fedora-clang | 4.6.0 | 840.00 | 169.88 | 1009.88 | OK | |
r-devel-linux-x86_64-fedora-gcc | 4.6.0 | 577.00 | 688.91 | 1265.91 | OK | |
r-devel-windows-x86_64 | 4.6.0 | 534.00 | 193.00 | 727.00 | OK | |
r-patched-linux-x86_64 | 4.6.0 | 528.81 | 168.59 | 697.40 | OK | |
r-release-linux-x86_64 | 4.6.0 | 522.84 | 160.54 | 683.38 | OK | |
r-release-macos-arm64 | 4.6.0 | 280.00 | 69.00 | 349.00 | OK | |
r-release-macos-x86_64 | 4.6.0 | 282.00 | 128.00 | 410.00 | OK | |
r-release-windows-x86_64 | 4.6.0 | 537.00 | 187.00 | 724.00 | OK | |
r-oldrel-macos-arm64 | 4.6.0 | 258.00 | 63.00 | 321.00 | NOTE | |
r-oldrel-macos-x86_64 | 4.6.0 | 218.00 | 122.00 | 340.00 | NOTE | |
r-oldrel-windows-x86_64 | 4.6.0 | 658.00 | 239.00 | 897.00 | NOTE |
Version: 4.6.0
Check: HTML version of manual
Result: NOTE
Found the following HTML validation problems:
lgb_shared_dataset_params.html:57:1 (lgb_shared_dataset_params.Rd:18): Warning: missing </ul> before </div>
Flavors: r-devel-linux-x86_64-debian-clang, r-devel-linux-x86_64-debian-gcc
Version: 4.6.0
Check: installed package size
Result: NOTE
installed size is 68.8Mb
sub-directories of 1Mb or more:
libs 68.2Mb
Flavors: r-oldrel-macos-arm64, r-oldrel-macos-x86_64, r-oldrel-windows-x86_64