Last updated on 2025-10-24 04:50:57 CEST.
| Flavor | Version | Tinstall | Tcheck | Ttotal | Status | Flags |
|---|---|---|---|---|---|---|
| r-devel-linux-x86_64-debian-clang | 0.1.0 | 2.44 | 28.06 | 30.50 | OK | |
| r-devel-linux-x86_64-debian-gcc | 0.1.0 | 2.03 | 21.36 | 23.39 | OK | |
| r-devel-linux-x86_64-fedora-clang | 0.1.0 | 11.00 | 34.89 | 45.89 | OK | |
| r-devel-linux-x86_64-fedora-gcc | 0.1.0 | 43.74 | OK | |||
| r-devel-windows-x86_64 | 0.1.0 | 4.00 | 49.00 | 53.00 | OK | |
| r-patched-linux-x86_64 | 0.1.0 | 2.55 | 27.03 | 29.58 | OK | |
| r-release-linux-x86_64 | 0.1.0 | 2.70 | 26.64 | 29.34 | OK | |
| r-release-macos-arm64 | 0.1.0 | 1.00 | 14.00 | 15.00 | OK | |
| r-release-macos-x86_64 | 0.1.0 | 3.00 | 30.00 | 33.00 | OK | |
| r-release-windows-x86_64 | 0.1.0 | 4.00 | 50.00 | 54.00 | OK | |
| r-oldrel-macos-arm64 | 0.1.0 | 2.00 | 16.00 | 18.00 | NOTE | |
| r-oldrel-macos-x86_64 | 0.1.0 | 2.00 | 23.00 | 25.00 | NOTE | |
| r-oldrel-windows-x86_64 | 0.1.0 | 6.00 | 53.00 | 59.00 | NOTE |
Version: 0.1.0
Check: LazyData
Result: NOTE
'LazyData' is specified without a 'data' directory
Flavors: r-oldrel-macos-arm64, r-oldrel-macos-x86_64, r-oldrel-windows-x86_64