CRAN Package Check Results for Package lime

Last updated on 2025-10-22 05:51:15 CEST.

Flavor Version Tinstall Tcheck Ttotal Status Flags
r-devel-linux-x86_64-debian-clang 0.5.3 30.81 170.93 201.74 NOTE
r-devel-linux-x86_64-debian-gcc 0.5.3 21.76 118.31 140.07 NOTE
r-devel-linux-x86_64-fedora-clang 0.5.3 102.00 270.58 372.58 OK
r-devel-linux-x86_64-fedora-gcc 0.5.3 62.00 308.32 370.32 OK
r-devel-windows-x86_64 0.5.3 40.00 189.00 229.00 OK
r-patched-linux-x86_64 0.5.3 33.03 163.49 196.52 NOTE
r-release-linux-x86_64 0.5.3 31.02 163.83 194.85 NOTE
r-release-macos-arm64 0.5.3 19.00 108.00 127.00 OK
r-release-macos-x86_64 0.5.3 17.00 133.00 150.00 OK
r-release-windows-x86_64 0.5.3 39.00 188.00 227.00 OK
r-oldrel-macos-arm64 0.5.3 15.00 71.00 86.00 OK
r-oldrel-macos-x86_64 0.5.3 17.00 108.00 125.00 OK
r-oldrel-windows-x86_64 0.5.3 50.00 246.00 296.00 OK

Check Details

Version: 0.5.3
Check: CRAN incoming feasibility
Result: NOTE Maintainer: ‘Emil Hvitfeldt <emilhhvitfeldt@gmail.com>’ The Description field contains (2016) <arXiv:1602.04938>. Please refer to arXiv e-prints via their arXiv DOI <doi:10.48550/arXiv.YYMM.NNNNN>. Flavors: r-devel-linux-x86_64-debian-clang, r-devel-linux-x86_64-debian-gcc

Version: 0.5.3
Check: for unstated dependencies in ‘demo’
Result: NOTE 'library' or 'require' calls not declared from: ‘data.table’ ‘magrittr’ ‘purrr’ Flavors: r-devel-linux-x86_64-debian-clang, r-devel-linux-x86_64-debian-gcc, r-patched-linux-x86_64, r-release-linux-x86_64