Last updated on 2025-10-22 05:51:15 CEST.
Flavor | Version | Tinstall | Tcheck | Ttotal | Status | Flags |
---|---|---|---|---|---|---|
r-devel-linux-x86_64-debian-clang | 0.1.7 | 5.02 | 30.14 | 35.16 | NOTE | |
r-devel-linux-x86_64-debian-gcc | 0.1.7 | 3.71 | 23.92 | 27.63 | NOTE | |
r-devel-linux-x86_64-fedora-clang | 0.1.7 | 12.00 | 41.60 | 53.60 | OK | |
r-devel-linux-x86_64-fedora-gcc | 0.1.7 | 11.00 | 54.74 | 65.74 | OK | |
r-devel-windows-x86_64 | 0.1.7 | 10.00 | 52.00 | 62.00 | OK | |
r-patched-linux-x86_64 | 0.1.7 | 4.57 | 28.07 | 32.64 | OK | |
r-release-linux-x86_64 | 0.1.7 | 4.43 | 28.09 | 32.52 | OK | |
r-release-macos-arm64 | 0.1.7 | 3.00 | 23.00 | 26.00 | OK | |
r-release-macos-x86_64 | 0.1.7 | 5.00 | 41.00 | 46.00 | OK | |
r-release-windows-x86_64 | 0.1.7 | 11.00 | 54.00 | 65.00 | OK | |
r-oldrel-macos-arm64 | 0.1.7 | 3.00 | 22.00 | 25.00 | OK | |
r-oldrel-macos-x86_64 | 0.1.7 | 4.00 | 35.00 | 39.00 | OK | |
r-oldrel-windows-x86_64 | 0.1.7 | 13.00 | 59.00 | 72.00 | OK |
Version: 0.1.7
Check: HTML version of manual
Result: NOTE
Found the following HTML validation problems:
ranges.html:67:1 (ranges.Rd:22): Warning: missing </ul> before </div>
Flavors: r-devel-linux-x86_64-debian-clang, r-devel-linux-x86_64-debian-gcc