CRAN Package Check Results for Package lit

Last updated on 2025-10-22 05:51:15 CEST.

Flavor Version Tinstall Tcheck Ttotal Status Flags
r-devel-linux-x86_64-debian-clang 1.0.1 93.84 35.03 128.87 NOTE
r-devel-linux-x86_64-debian-gcc 1.0.1 56.17 28.39 84.56 NOTE
r-devel-linux-x86_64-fedora-clang 1.0.1 242.00 16.31 258.31 OK
r-devel-linux-x86_64-fedora-gcc 1.0.1 130.00 93.07 223.07 OK
r-devel-windows-x86_64 1.0.1 106.00 70.00 176.00 OK
r-patched-linux-x86_64 1.0.1 83.07 32.33 115.40 OK
r-release-linux-x86_64 1.0.1 89.31 32.41 121.72 OK
r-release-macos-arm64 1.0.1 32.00 26.00 58.00 OK
r-release-macos-x86_64 1.0.1 28.00 56.00 84.00 OK
r-release-windows-x86_64 1.0.1 114.00 73.00 187.00 OK
r-oldrel-macos-arm64 1.0.1 31.00 32.00 63.00 OK
r-oldrel-macos-x86_64 1.0.1 30.00 52.00 82.00 OK
r-oldrel-windows-x86_64 1.0.1 127.00 87.00 214.00 OK

Check Details

Version: 1.0.1
Check: HTML version of manual
Result: NOTE Found the following HTML validation problems: lit_h.html:58:1 (lit_h.Rd:16): Warning: missing </ul> before </div> Flavors: r-devel-linux-x86_64-debian-clang, r-devel-linux-x86_64-debian-gcc