Last updated on 2025-10-22 05:51:15 CEST.
Flavor | Version | Tinstall | Tcheck | Ttotal | Status | Flags |
---|---|---|---|---|---|---|
r-devel-linux-x86_64-debian-clang | 1.0.2 | 10.58 | 92.23 | 102.81 | NOTE | |
r-devel-linux-x86_64-debian-gcc | 1.0.2 | 8.38 | 73.10 | 81.48 | NOTE | |
r-devel-linux-x86_64-fedora-clang | 1.0.2 | 28.00 | 129.63 | 157.63 | OK | |
r-devel-linux-x86_64-fedora-gcc | 1.0.2 | 20.00 | 141.66 | 161.66 | OK | |
r-devel-windows-x86_64 | 1.0.2 | 10.00 | 98.00 | 108.00 | OK | |
r-patched-linux-x86_64 | 1.0.2 | 9.96 | 79.57 | 89.53 | OK | |
r-release-linux-x86_64 | 1.0.2 | 6.99 | 79.50 | 86.49 | OK | |
r-release-macos-arm64 | 1.0.2 | 5.00 | 48.00 | 53.00 | OK | |
r-release-macos-x86_64 | 1.0.2 | 18.00 | 175.00 | 193.00 | OK | |
r-release-windows-x86_64 | 1.0.2 | 12.00 | 98.00 | 110.00 | OK | |
r-oldrel-macos-arm64 | 1.0.2 | 6.00 | 50.00 | 56.00 | OK | |
r-oldrel-macos-x86_64 | 1.0.2 | 17.00 | 170.00 | 187.00 | OK | |
r-oldrel-windows-x86_64 | 1.0.2 | 14.00 | 120.00 | 134.00 | OK |
Version: 1.0.2
Check: HTML version of manual
Result: NOTE
Found the following HTML validation problems:
create_litter_project.html:48:1 (create_litter_project.Rd:10): Warning: missing </ul> before </div>
Flavors: r-devel-linux-x86_64-debian-clang, r-devel-linux-x86_64-debian-gcc