Last updated on 2025-07-22 08:48:35 CEST.
Flavor | Version | Tinstall | Tcheck | Ttotal | Status | Flags |
---|---|---|---|---|---|---|
r-devel-linux-x86_64-debian-clang | 0.2.4 | 22.55 | 203.93 | 226.48 | OK | |
r-devel-linux-x86_64-debian-gcc | 0.2.4 | 16.54 | 149.38 | 165.92 | OK | |
r-devel-linux-x86_64-fedora-clang | 0.2.4 | 355.77 | OK | |||
r-devel-linux-x86_64-fedora-gcc | 0.2.4 | 332.78 | OK | |||
r-devel-windows-x86_64 | 0.2.4 | 23.00 | 168.00 | 191.00 | OK | |
r-patched-linux-x86_64 | 0.2.4 | 22.37 | 193.08 | 215.45 | OK | |
r-release-linux-x86_64 | 0.2.4 | 21.22 | 193.47 | 214.69 | OK | |
r-release-macos-arm64 | 0.2.4 | 104.00 | OK | |||
r-release-macos-x86_64 | 0.2.4 | 216.00 | OK | |||
r-release-windows-x86_64 | 0.2.4 | 2.00 | 5.00 | 7.00 | ERROR | |
r-oldrel-macos-arm64 | 0.2.4 | 82.00 | OK | |||
r-oldrel-macos-x86_64 | 0.2.4 | 165.00 | OK | |||
r-oldrel-windows-x86_64 | 0.2.4 | 31.00 | 222.00 | 253.00 | OK |
Version: 0.2.4
Check: whether package can be installed
Result: ERROR
Installation failed.
Flavor: r-release-windows-x86_64