Last updated on 2025-10-22 05:51:15 CEST.
Flavor | Version | Tinstall | Tcheck | Ttotal | Status | Flags |
---|---|---|---|---|---|---|
r-devel-linux-x86_64-debian-clang | 0.2.4 | 14.45 | 122.01 | 136.46 | NOTE | |
r-devel-linux-x86_64-debian-gcc | 0.2.4 | 9.14 | 86.13 | 95.27 | NOTE | |
r-devel-linux-x86_64-fedora-clang | 0.2.4 | 83.00 | 128.37 | 211.37 | NOTE | |
r-devel-linux-x86_64-fedora-gcc | 0.2.4 | 29.00 | 180.10 | 209.10 | NOTE | |
r-devel-windows-x86_64 | 0.2.4 | 14.00 | 116.00 | 130.00 | NOTE | |
r-patched-linux-x86_64 | 0.2.4 | 14.61 | 113.83 | 128.44 | NOTE | |
r-release-linux-x86_64 | 0.2.4 | 14.32 | 113.96 | 128.28 | NOTE | |
r-release-macos-arm64 | 0.2.4 | 6.00 | 50.00 | 56.00 | NOTE | |
r-release-macos-x86_64 | 0.2.4 | 11.00 | 113.00 | 124.00 | NOTE | |
r-release-windows-x86_64 | 0.2.4 | 15.00 | 117.00 | 132.00 | NOTE | |
r-oldrel-macos-arm64 | 0.2.4 | 6.00 | 47.00 | 53.00 | NOTE | |
r-oldrel-macos-x86_64 | 0.2.4 | 8.00 | 80.00 | 88.00 | NOTE | |
r-oldrel-windows-x86_64 | 0.2.4 | 20.00 | 150.00 | 170.00 | NOTE |
Version: 0.2.4
Check: Rd files
Result: NOTE
checkRd: (-1) bootstrap_pvals.Rd:78: Lost braces; missing escapes or markup?
78 | $(n_{extreme} + 1) / (B + 1)$.
| ^
Flavors: r-devel-linux-x86_64-debian-clang, r-devel-linux-x86_64-debian-gcc, r-devel-linux-x86_64-fedora-clang, r-devel-linux-x86_64-fedora-gcc, r-devel-windows-x86_64, r-patched-linux-x86_64, r-release-linux-x86_64, r-release-macos-arm64, r-release-macos-x86_64, r-release-windows-x86_64, r-oldrel-macos-arm64, r-oldrel-macos-x86_64, r-oldrel-windows-x86_64
Version: 0.2.4
Check: HTML version of manual
Result: NOTE
Found the following HTML validation problems:
plot.html:56:1 (plot.Rd:14): Warning: missing </ul> before </div>
print.coef_tbl.html:51:1 (print.coef_tbl.Rd:12): Warning: missing </ul> before </div>
Flavors: r-devel-linux-x86_64-debian-clang, r-devel-linux-x86_64-debian-gcc