CRAN Package Check Results for Package lmmpar

Last updated on 2025-10-22 05:51:15 CEST.

Flavor Version Tinstall Tcheck Ttotal Status Flags
r-devel-linux-x86_64-debian-clang 0.1.0 1.83 30.72 32.55 OK
r-devel-linux-x86_64-debian-gcc 0.1.0 1.37 23.77 25.14 OK
r-devel-linux-x86_64-fedora-clang 0.1.0 48.17 NOTE
r-devel-linux-x86_64-fedora-gcc 0.1.0 44.89 NOTE
r-devel-windows-x86_64 0.1.0 3.00 52.00 55.00 OK
r-patched-linux-x86_64 0.1.0 1.69 28.21 29.90 OK
r-release-linux-x86_64 0.1.0 1.51 28.19 29.70 OK
r-release-macos-arm64 0.1.0 1.00 21.00 22.00 OK
r-release-macos-x86_64 0.1.0 2.00 29.00 31.00 OK
r-release-windows-x86_64 0.1.0 3.00 52.00 55.00 OK
r-oldrel-macos-arm64 0.1.0 1.00 19.00 20.00 NOTE
r-oldrel-macos-x86_64 0.1.0 1.00 25.00 26.00 NOTE
r-oldrel-windows-x86_64 0.1.0 4.00 58.00 62.00 NOTE

Check Details

Version: 0.1.0
Check: dependencies in R code
Result: NOTE Namespace in Imports field not imported from: ‘mnormt’ All declared Imports should be used. Flavors: r-devel-linux-x86_64-fedora-clang, r-devel-linux-x86_64-fedora-gcc

Version: 0.1.0
Check: LazyData
Result: NOTE 'LazyData' is specified without a 'data' directory Flavors: r-oldrel-macos-arm64, r-oldrel-macos-x86_64, r-oldrel-windows-x86_64