Last updated on 2025-10-24 04:50:57 CEST.
| Flavor | Version | Tinstall | Tcheck | Ttotal | Status | Flags |
|---|---|---|---|---|---|---|
| r-devel-linux-x86_64-debian-clang | 2.5.3 | 26.41 | 210.42 | 236.83 | NOTE | |
| r-devel-linux-x86_64-debian-gcc | 2.5.3 | 16.17 | 131.85 | 148.02 | NOTE | |
| r-devel-linux-x86_64-fedora-clang | 2.5.3 | 66.00 | 290.02 | 356.02 | OK | |
| r-devel-linux-x86_64-fedora-gcc | 2.5.3 | 51.00 | 270.66 | 321.66 | OK | |
| r-devel-windows-x86_64 | 2.5.3 | 29.00 | 275.00 | 304.00 | OK | |
| r-patched-linux-x86_64 | 2.5.3 | 36.85 | 190.73 | 227.58 | OK | |
| r-release-linux-x86_64 | 2.5.3 | 22.56 | 190.20 | 212.76 | OK | |
| r-release-macos-arm64 | 2.5.3 | 11.00 | 62.00 | 73.00 | OK | |
| r-release-macos-x86_64 | 2.5.3 | 34.00 | 182.00 | 216.00 | OK | |
| r-release-windows-x86_64 | 2.5.3 | 28.00 | 275.00 | 303.00 | OK | |
| r-oldrel-macos-arm64 | 2.5.3 | 11.00 | 65.00 | 76.00 | OK | |
| r-oldrel-macos-x86_64 | 2.5.3 | 47.00 | 214.00 | 261.00 | OK | |
| r-oldrel-windows-x86_64 | 2.5.3 | 43.00 | 331.00 | 374.00 | OK |
Version: 2.5.3
Check: HTML version of manual
Result: NOTE
Found the following HTML validation problems:
pfactor.bernstein.html:172:1 (pfactor.bernstein.Rd:57): Warning: <h3> anchor "_sec_note" already defined
Flavor: r-devel-linux-x86_64-debian-clang
Version: 2.5.3
Check: Rd files
Result: NOTE
checkRd: (-1) rmlmomco.Rd:29-48: Only 4 columns allowed in this table (row 1 has 1)
checkRd: (-1) rmlmomco.Rd:29-48: Only 4 columns allowed in this table (row 9 has 1)
checkRd: (-1) rmlmomco.Rd:29-48: Only 4 columns allowed in this table (row 16 has 1)
Flavor: r-devel-linux-x86_64-debian-gcc