Last updated on 2025-10-22 05:51:15 CEST.
Flavor | Version | Tinstall | Tcheck | Ttotal | Status | Flags |
---|---|---|---|---|---|---|
r-devel-linux-x86_64-debian-clang | 3.1.6 | 63.28 | 278.26 | 341.54 | NOTE | |
r-devel-linux-x86_64-debian-gcc | 3.1.6 | 41.46 | 195.77 | 237.23 | NOTE | |
r-devel-linux-x86_64-fedora-clang | 3.1.6 | 293.00 | 284.18 | 577.18 | NOTE | |
r-devel-linux-x86_64-fedora-gcc | 3.1.6 | 322.00 | 259.20 | 581.20 | NOTE | |
r-devel-windows-x86_64 | 3.1.6 | 74.00 | 317.00 | 391.00 | OK | |
r-patched-linux-x86_64 | 3.1.6 | 61.71 | 265.82 | 327.53 | OK | |
r-release-linux-x86_64 | 3.1.6 | 61.68 | 266.00 | 327.68 | OK | |
r-release-macos-arm64 | 3.1.6 | 24.00 | 139.00 | 163.00 | OK | |
r-release-macos-x86_64 | 3.1.6 | 40.00 | 295.00 | 335.00 | OK | |
r-release-windows-x86_64 | 3.1.6 | 78.00 | 311.00 | 389.00 | OK | |
r-oldrel-macos-arm64 | 3.1.6 | 13.00 | 87.00 | 100.00 | NOTE | |
r-oldrel-macos-x86_64 | 3.1.6 | 18.00 | 140.00 | 158.00 | NOTE | |
r-oldrel-windows-x86_64 | 3.1.6 | 88.00 | 397.00 | 485.00 | NOTE |
Version: 3.1.6
Check: HTML version of manual
Result: NOTE
Found the following HTML validation problems:
sim_data.html:67:1 (sim_data.Rd:20): Warning: missing </ul> before </div>
Flavors: r-devel-linux-x86_64-debian-clang, r-devel-linux-x86_64-debian-gcc
Version: 3.1.6
Check: dependencies in R code
Result: NOTE
Namespaces in Imports field not imported from:
‘purrr’ ‘readr’
All declared Imports should be used.
Flavors: r-devel-linux-x86_64-fedora-clang, r-devel-linux-x86_64-fedora-gcc
Version: 3.1.6
Check: installed package size
Result: NOTE
installed size is 9.5Mb
sub-directories of 1Mb or more:
doc 4.0Mb
libs 5.2Mb
Flavors: r-oldrel-macos-arm64, r-oldrel-macos-x86_64, r-oldrel-windows-x86_64
Version: 3.1.6
Check: for GNU extensions in Makefiles
Result: NOTE
GNU make is a SystemRequirements.
Flavors: r-oldrel-macos-arm64, r-oldrel-macos-x86_64, r-oldrel-windows-x86_64