Last updated on 2025-10-22 05:51:15 CEST.
Flavor | Version | Tinstall | Tcheck | Ttotal | Status | Flags |
---|---|---|---|---|---|---|
r-devel-linux-x86_64-debian-clang | 2.0.3 | 65.48 | 918.78 | 984.26 | NOTE | |
r-devel-linux-x86_64-debian-gcc | 2.0.3 | 53.84 | 484.49 | 538.33 | NOTE | |
r-devel-linux-x86_64-fedora-clang | 2.0.3 | 166.00 | 1543.13 | 1709.13 | OK | |
r-devel-linux-x86_64-fedora-gcc | 2.0.3 | 154.00 | 1511.03 | 1665.03 | OK | |
r-devel-windows-x86_64 | 2.0.3 | 67.00 | 804.00 | 871.00 | OK | |
r-patched-linux-x86_64 | 2.0.3 | 75.92 | 888.35 | 964.27 | OK | |
r-release-linux-x86_64 | 2.0.3 | 78.43 | 882.73 | 961.16 | OK | |
r-release-macos-arm64 | 2.0.3 | 27.00 | 339.00 | 366.00 | OK | |
r-release-macos-x86_64 | 2.0.3 | 65.00 | 985.00 | 1050.00 | OK | |
r-release-windows-x86_64 | 2.0.3 | 70.00 | 805.00 | 875.00 | OK | |
r-oldrel-macos-arm64 | 2.0.3 | 26.00 | 309.00 | 335.00 | NOTE | |
r-oldrel-macos-x86_64 | 2.0.3 | 62.00 | 1015.00 | 1077.00 | NOTE | |
r-oldrel-windows-x86_64 | 2.0.3 | 79.00 | 1111.00 | 1190.00 | OK |
Version: 2.0.3
Check: HTML version of manual
Result: NOTE
Found the following HTML validation problems:
MarkovParameters.html:56:1 (MarkovParameters.Rd:15): Warning: missing </ul> before </div>
Flavors: r-devel-linux-x86_64-debian-clang, r-devel-linux-x86_64-debian-gcc
Version: 2.0.3
Check: installed package size
Result: NOTE
installed size is 33.1Mb
sub-directories of 1Mb or more:
libs 32.3Mb
Flavors: r-oldrel-macos-arm64, r-oldrel-macos-x86_64