CRAN Package Check Results for Package logger

Last updated on 2025-10-22 05:51:15 CEST.

Flavor Version Tinstall Tcheck Ttotal Status Flags
r-devel-linux-x86_64-debian-clang 0.4.1 3.21 76.03 79.24 NOTE
r-devel-linux-x86_64-debian-gcc 0.4.1 2.14 57.91 60.05 NOTE
r-devel-linux-x86_64-fedora-clang 0.4.1 11.00 115.13 126.13 OK
r-devel-linux-x86_64-fedora-gcc 0.4.1 131.76 OK
r-devel-windows-x86_64 0.4.1 6.00 101.00 107.00 OK
r-patched-linux-x86_64 0.4.1 4.65 71.25 75.90 OK
r-release-linux-x86_64 0.4.1 2.97 71.32 74.29 OK
r-release-macos-arm64 0.4.1 2.00 124.00 126.00 OK
r-release-macos-x86_64 0.4.1 3.00 156.00 159.00 OK
r-release-windows-x86_64 0.4.1 5.00 99.00 104.00 OK
r-oldrel-macos-arm64 0.4.1 2.00 124.00 126.00 OK
r-oldrel-macos-x86_64 0.4.1 2.00 150.00 152.00 OK
r-oldrel-windows-x86_64 0.4.1 8.00 118.00 126.00 NOTE

Check Details

Version: 0.4.1
Check: HTML version of manual
Result: NOTE Found the following HTML validation problems: appender_void.html:46:1 (appender_void.Rd:10): Warning: missing </ul> before </div> delete_logger_index.html:50:1 (delete_logger_index.Rd:12): Warning: missing </ul> before </div> Flavors: r-devel-linux-x86_64-debian-clang, r-devel-linux-x86_64-debian-gcc

Version: 0.4.1
Check: package dependencies
Result: NOTE Package suggested but not available for checking: 'rsyslog' Flavor: r-oldrel-windows-x86_64