Last updated on 2025-07-21 08:50:08 CEST.
Flavor | Version | Tinstall | Tcheck | Ttotal | Status | Flags |
---|---|---|---|---|---|---|
r-devel-linux-x86_64-debian-clang | 0.2 | 2.99 | 53.03 | 56.02 | NOTE | |
r-devel-linux-x86_64-debian-gcc | 0.2 | 2.44 | 41.14 | 43.58 | NOTE | |
r-devel-linux-x86_64-fedora-clang | 0.2 | 83.70 | NOTE | |||
r-devel-linux-x86_64-fedora-gcc | 0.2 | 103.72 | NOTE | |||
r-devel-windows-x86_64 | 0.2 | 7.00 | 82.00 | 89.00 | OK | |
r-patched-linux-x86_64 | 0.2 | 4.03 | 49.07 | 53.10 | OK | |
r-release-linux-x86_64 | 0.2 | 3.42 | 49.78 | 53.20 | OK | |
r-release-macos-arm64 | 0.2 | 52.00 | OK | |||
r-release-macos-x86_64 | 0.2 | 82.00 | OK | |||
r-release-windows-x86_64 | 0.2 | 8.00 | 80.00 | 88.00 | OK | |
r-oldrel-macos-arm64 | 0.2 | 38.00 | OK | |||
r-oldrel-macos-x86_64 | 0.2 | 68.00 | OK | |||
r-oldrel-windows-x86_64 | 0.2 | 8.00 | 90.00 | 98.00 | OK |
Version: 0.2
Check: CRAN incoming feasibility
Result: NOTE
Maintainer: ‘Andrew J. Landgraf <andland@gmail.com>’
No Authors@R field in DESCRIPTION.
Please add one, modifying
Authors@R: person(given = c("Andrew", "J."),
family = "Landgraf",
role = c("aut", "cre"),
email = "andland@gmail.com")
as necessary.
Package CITATION file contains call(s) to old-style personList() or
as.personList(). Please use c() on person objects instead.
Package CITATION file contains call(s) to old-style citEntry(). Please
use bibentry() instead.
Flavors: r-devel-linux-x86_64-debian-clang, r-devel-linux-x86_64-debian-gcc
Version: 0.2
Check: compiled code
Result: NOTE
File ‘logisticPCA/libs/logisticPCA.so’:
Found no calls to: ‘R_registerRoutines’, ‘R_useDynamicSymbols’
It is good practice to register native routines and to disable symbol
search.
See ‘Writing portable packages’ in the ‘Writing R Extensions’ manual.
Flavors: r-devel-linux-x86_64-fedora-clang, r-devel-linux-x86_64-fedora-gcc