Last updated on 2025-10-22 05:51:16 CEST.
Flavor | Version | Tinstall | Tcheck | Ttotal | Status | Flags |
---|---|---|---|---|---|---|
r-devel-linux-x86_64-debian-clang | 1.3.2 | 136.51 | 149.29 | 285.80 | NOTE | --no-vignettes |
r-devel-linux-x86_64-debian-gcc | 1.3.2 | 111.12 | 103.64 | 214.76 | NOTE | --no-vignettes |
r-devel-linux-x86_64-fedora-clang | 1.3.2 | 193.00 | 274.77 | 467.77 | OK | --no-vignettes |
r-devel-linux-x86_64-fedora-gcc | 1.3.2 | 170.00 | 342.37 | 512.37 | OK | --no-vignettes |
r-devel-windows-x86_64 | 1.3.2 | 152.00 | 184.00 | 336.00 | OK | --no-vignettes |
r-patched-linux-x86_64 | 1.3.2 | 149.80 | 141.80 | 291.60 | OK | --no-vignettes |
r-release-linux-x86_64 | 1.3.2 | 147.38 | 142.50 | 289.88 | OK | --no-vignettes |
r-release-macos-arm64 | 1.3.2 | 53.00 | 1005.00 | 1058.00 | OK | |
r-release-macos-x86_64 | 1.3.2 | 64.00 | 869.00 | 933.00 | OK | |
r-release-windows-x86_64 | 1.3.2 | 158.00 | 214.00 | 372.00 | OK | --no-vignettes |
r-oldrel-macos-arm64 | 1.3.2 | 52.00 | 866.00 | 918.00 | NOTE | |
r-oldrel-macos-x86_64 | 1.3.2 | 63.00 | 737.00 | 800.00 | NOTE | |
r-oldrel-windows-x86_64 | 1.3.2 | 186.00 | 251.00 | 437.00 | OK | --no-vignettes |
Version: 1.3.2
Flags: --no-vignettes
Check: HTML version of manual
Result: NOTE
Found the following HTML validation problems:
as.network.html:44:1 (as.network.Rd:9): Warning: missing </ul> before </div>
print.gofit.html:51:1 (print.gofit.Rd:12): Warning: missing </ul> before </div>
print.lolog.html:51:1 (print.lolog.Rd:12): Warning: missing </ul> before </div>
print.lologVariationalFit.html:51:1 (print.lologVariationalFit.Rd:12): Warning: missing </ul> before </div>
Flavors: r-devel-linux-x86_64-debian-clang, r-devel-linux-x86_64-debian-gcc
Version: 1.3.2
Check: installed package size
Result: NOTE
installed size is 20.8Mb
sub-directories of 1Mb or more:
libs 19.1Mb
Flavors: r-oldrel-macos-arm64, r-oldrel-macos-x86_64