Last updated on 2025-10-22 05:51:16 CEST.
Flavor | Version | Tinstall | Tcheck | Ttotal | Status | Flags |
---|---|---|---|---|---|---|
r-devel-linux-x86_64-debian-clang | 2.8.0 | 6.01 | 133.41 | 139.42 | NOTE | |
r-devel-linux-x86_64-debian-gcc | 2.8.0 | 4.30 | 91.90 | 96.20 | NOTE | |
r-devel-linux-x86_64-fedora-clang | 2.8.0 | 18.00 | 205.16 | 223.16 | OK | |
r-devel-linux-x86_64-fedora-gcc | 2.8.0 | 14.00 | 214.98 | 228.98 | OK | |
r-devel-windows-x86_64 | 2.8.0 | 9.00 | 190.00 | 199.00 | OK | |
r-patched-linux-x86_64 | 2.8.0 | 6.49 | 126.95 | 133.44 | OK | |
r-release-linux-x86_64 | 2.8.0 | 5.78 | 126.55 | 132.33 | OK | |
r-release-macos-arm64 | 2.8.0 | 5.00 | 113.00 | 118.00 | OK | |
r-release-macos-x86_64 | 2.8.0 | 6.00 | 141.00 | 147.00 | OK | |
r-release-windows-x86_64 | 2.8.0 | 10.00 | 163.00 | 173.00 | OK | |
r-oldrel-macos-arm64 | 2.8.0 | 4.00 | 77.00 | 81.00 | OK | |
r-oldrel-macos-x86_64 | 2.8.0 | 8.00 | 202.00 | 210.00 | OK | |
r-oldrel-windows-x86_64 | 2.8.0 | 13.00 | 202.00 | 215.00 | OK |
Version: 2.8.0
Check: HTML version of manual
Result: NOTE
Found the following HTML validation problems:
importance_sampling.html:125:1 (importance_sampling.Rd:71): Warning: missing </ul> before </div>
nobs.psis_loo_ss.html:51:1 (nobs.psis_loo_ss.Rd:12): Warning: missing </ul> before </div>
old-extractors.html:56:1 (old-extractors.Rd:17): Warning: missing </ul> before </div>
print_dims.html:68:1 (print_dims.Rd:30): Warning: missing </ul> before </div>
Flavors: r-devel-linux-x86_64-debian-clang, r-devel-linux-x86_64-debian-gcc